{"id":826,"date":"2015-07-23T14:29:42","date_gmt":"2015-07-23T13:29:42","guid":{"rendered":"http:\/\/www.nature-comminges.asso.fr\/?page_id=826"},"modified":"2015-08-20T14:26:08","modified_gmt":"2015-08-20T13:26:08","slug":"papillons","status":"publish","type":"page","link":"http:\/\/www.nature-comminges.asso.fr\/index.php\/papillons\/","title":{"rendered":"Papillons"},"content":{"rendered":"<br class=' sb-br' \/>\n<p align=\"justify\"><span style=\"font-size: large;\">Entre les pelouses sommitales et les prairies inondables de la plaine et du pi\u00e9mont, existe une diversit\u00e9 de milieux tr\u00e8s favorables \u00e0 de nombreuses esp\u00e8ces de papillons. <\/span><\/p>\n<p align=\"justify\"><span style=\"font-size: large;\">Leur existence d\u00e9pend directement de la qualit\u00e9 de leur habitat et de la pr\u00e9sence des plantes-h\u00f4tes n\u00e9cessaires \u00e0 leur survie. <\/span><\/p>\n<p align=\"justify\"><span style=\"font-size: large;\">En 2009, Nature Comminges a particip\u00e9 \u00e0 l&#8217;\u00e9laboration de l&#8217;Atlas des papillons de jour et zyg\u00e8nes de Midi Pyr\u00e9n\u00e9es. <\/span><\/p>\n<p align=\"justify\"><span style=\"font-size: large;\">La Haute Garonne compte \u00e0 ce jour 1333 esp\u00e8ces, avec des papillons comme le damier de la succise, prot\u00e9g\u00e9 de mani\u00e8re nationale et inscrit sur la liste rouge des esp\u00e8ces menac\u00e9es en France. <br class=' sb-br' \/>\u00a0<\/span><\/p>\n\n\t\t<style type=\"text\/css\">\n\t\t\t#gallery-1 {\n\t\t\t\tmargin: auto;\n\t\t\t}\n\t\t\t#gallery-1 .gallery-item {\n\t\t\t\tfloat: left;\n\t\t\t\tmargin-top: 10px;\n\t\t\t\ttext-align: center;\n\t\t\t\twidth: 50%;\n\t\t\t}\n\t\t\t#gallery-1 img {\n\t\t\t\tborder: 2px solid #cfcfcf;\n\t\t\t}\n\t\t\t#gallery-1 .gallery-caption {\n\t\t\t\tmargin-left: 0;\n\t\t\t}\n\t\t\t\/* see gallery_shortcode() in wp-includes\/media.php *\/\n\t\t<\/style>\n\t\t<div id='gallery-1' class='gallery galleryid-826 gallery-columns-2 gallery-size-large'><dl class='gallery-item'>\n\t\t\t<dt class='gallery-icon landscape'>\n\t\t\t\t<a href='http:\/\/www.nature-comminges.asso.fr\/wp-content\/uploads\/2015\/07\/Esp\u00e8ce-prot\u00e9g\u00e9e-en-France-le-Cuivr\u00e9-des-marais-est-en-r\u00e9gression-partout-o\u00f9-disparaissent-les-zones-humides.jpg' rel=\"lightbox[826]\"><img width=\"625\" height=\"391\" src=\"http:\/\/www.nature-comminges.asso.fr\/wp-content\/uploads\/2015\/07\/Esp\u00e8ce-prot\u00e9g\u00e9e-en-France-le-Cuivr\u00e9-des-marais-est-en-r\u00e9gression-partout-o\u00f9-disparaissent-les-zones-humides.jpg\" class=\"attachment-large size-large\" alt=\"\" loading=\"lazy\" aria-describedby=\"gallery-1-1311\" srcset=\"http:\/\/www.nature-comminges.asso.fr\/wp-content\/uploads\/2015\/07\/Esp\u00e8ce-prot\u00e9g\u00e9e-en-France-le-Cuivr\u00e9-des-marais-est-en-r\u00e9gression-partout-o\u00f9-disparaissent-les-zones-humides.jpg 861w, http:\/\/www.nature-comminges.asso.fr\/wp-content\/uploads\/2015\/07\/Esp\u00e8ce-prot\u00e9g\u00e9e-en-France-le-Cuivr\u00e9-des-marais-est-en-r\u00e9gression-partout-o\u00f9-disparaissent-les-zones-humides-300x187.jpg 300w, http:\/\/www.nature-comminges.asso.fr\/wp-content\/uploads\/2015\/07\/Esp\u00e8ce-prot\u00e9g\u00e9e-en-France-le-Cuivr\u00e9-des-marais-est-en-r\u00e9gression-partout-o\u00f9-disparaissent-les-zones-humides-624x390.jpg 624w\" sizes=\"(max-width: 625px) 100vw, 625px\" \/><\/a>\n\t\t\t<\/dt>\n\t\t\t\t<dd class='wp-caption-text gallery-caption' id='gallery-1-1311'>\n\t\t\t\tEsp\u00e8ce prot\u00e9g\u00e9e en France, le Cuivr\u00e9 des marais est en r\u00e9gression partout o\u00f9 disparaissent les zones humides. \u00a9 Williams Fondevilla\n\t\t\t\t<\/dd><\/dl><dl class='gallery-item'>\n\t\t\t<dt class='gallery-icon landscape'>\n\t\t\t\t<a href='http:\/\/www.nature-comminges.asso.fr\/wp-content\/uploads\/2015\/07\/0053-argus-bleu-Polyommatus-icarus.jpg' rel=\"lightbox[826]\"><img width=\"625\" height=\"391\" src=\"http:\/\/www.nature-comminges.asso.fr\/wp-content\/uploads\/2015\/07\/0053-argus-bleu-Polyommatus-icarus.jpg\" class=\"attachment-large size-large\" alt=\"\" loading=\"lazy\" aria-describedby=\"gallery-1-1307\" srcset=\"http:\/\/www.nature-comminges.asso.fr\/wp-content\/uploads\/2015\/07\/0053-argus-bleu-Polyommatus-icarus.jpg 861w, http:\/\/www.nature-comminges.asso.fr\/wp-content\/uploads\/2015\/07\/0053-argus-bleu-Polyommatus-icarus-300x187.jpg 300w, http:\/\/www.nature-comminges.asso.fr\/wp-content\/uploads\/2015\/07\/0053-argus-bleu-Polyommatus-icarus-624x390.jpg 624w\" sizes=\"(max-width: 625px) 100vw, 625px\" \/><\/a>\n\t\t\t<\/dt>\n\t\t\t\t<dd class='wp-caption-text gallery-caption' id='gallery-1-1307'>\n\t\t\t\tL&#8217;Argus bleu \u00a9 Williams Fondevilla\n\t\t\t\t<\/dd><\/dl><br style=\"clear: both\" \/><dl class='gallery-item'>\n\t\t\t<dt class='gallery-icon landscape'>\n\t\t\t\t<a href='http:\/\/www.nature-comminges.asso.fr\/wp-content\/uploads\/2015\/07\/0060-bombyx-du-chene.jpg' rel=\"lightbox[826]\"><img width=\"625\" height=\"391\" src=\"http:\/\/www.nature-comminges.asso.fr\/wp-content\/uploads\/2015\/07\/0060-bombyx-du-chene.jpg\" class=\"attachment-large size-large\" alt=\"\" loading=\"lazy\" aria-describedby=\"gallery-1-1308\" srcset=\"http:\/\/www.nature-comminges.asso.fr\/wp-content\/uploads\/2015\/07\/0060-bombyx-du-chene.jpg 861w, http:\/\/www.nature-comminges.asso.fr\/wp-content\/uploads\/2015\/07\/0060-bombyx-du-chene-300x187.jpg 300w, http:\/\/www.nature-comminges.asso.fr\/wp-content\/uploads\/2015\/07\/0060-bombyx-du-chene-624x390.jpg 624w\" sizes=\"(max-width: 625px) 100vw, 625px\" \/><\/a>\n\t\t\t<\/dt>\n\t\t\t\t<dd class='wp-caption-text gallery-caption' id='gallery-1-1308'>\n\t\t\t\tLe Bombyx du ch\u00eane pond sur ch\u00eanes et arbres fruitiers \u00a9 Williams Fondevilla\n\t\t\t\t<\/dd><\/dl><dl class='gallery-item'>\n\t\t\t<dt class='gallery-icon landscape'>\n\t\t\t\t<a href='http:\/\/www.nature-comminges.asso.fr\/wp-content\/uploads\/2015\/07\/0092-Sphinx-colibris.jpg' rel=\"lightbox[826]\"><img width=\"625\" height=\"391\" src=\"http:\/\/www.nature-comminges.asso.fr\/wp-content\/uploads\/2015\/07\/0092-Sphinx-colibris.jpg\" class=\"attachment-large size-large\" alt=\"\" loading=\"lazy\" aria-describedby=\"gallery-1-1309\" srcset=\"http:\/\/www.nature-comminges.asso.fr\/wp-content\/uploads\/2015\/07\/0092-Sphinx-colibris.jpg 861w, http:\/\/www.nature-comminges.asso.fr\/wp-content\/uploads\/2015\/07\/0092-Sphinx-colibris-300x187.jpg 300w, http:\/\/www.nature-comminges.asso.fr\/wp-content\/uploads\/2015\/07\/0092-Sphinx-colibris-624x390.jpg 624w\" sizes=\"(max-width: 625px) 100vw, 625px\" \/><\/a>\n\t\t\t<\/dt>\n\t\t\t\t<dd class='wp-caption-text gallery-caption' id='gallery-1-1309'>\n\t\t\t\tMigrateur, le Sphinx colibri peut voler jusqu&#8217;\u00e0 50 km\/h \u00a9 Williams Fondevilla\n\t\t\t\t<\/dd><\/dl><br style=\"clear: both\" \/><dl class='gallery-item'>\n\t\t\t<dt class='gallery-icon landscape'>\n\t\t\t\t<a href='http:\/\/www.nature-comminges.asso.fr\/wp-content\/uploads\/2015\/07\/0097-vulcain.jpg' rel=\"lightbox[826]\"><img width=\"625\" height=\"391\" src=\"http:\/\/www.nature-comminges.asso.fr\/wp-content\/uploads\/2015\/07\/0097-vulcain.jpg\" class=\"attachment-large size-large\" alt=\"\" loading=\"lazy\" aria-describedby=\"gallery-1-1310\" srcset=\"http:\/\/www.nature-comminges.asso.fr\/wp-content\/uploads\/2015\/07\/0097-vulcain.jpg 861w, http:\/\/www.nature-comminges.asso.fr\/wp-content\/uploads\/2015\/07\/0097-vulcain-300x187.jpg 300w, http:\/\/www.nature-comminges.asso.fr\/wp-content\/uploads\/2015\/07\/0097-vulcain-624x390.jpg 624w\" sizes=\"(max-width: 625px) 100vw, 625px\" \/><\/a>\n\t\t\t<\/dt>\n\t\t\t\t<dd class='wp-caption-text gallery-caption' id='gallery-1-1310'>\n\t\t\t\tLe Vulcain pond sur l&#8217;ortie dioique \u00a9 Williams Fondevilla\n\t\t\t\t<\/dd><\/dl><dl class='gallery-item'>\n\t\t\t<dt class='gallery-icon landscape'>\n\t\t\t\t<a href='http:\/\/www.nature-comminges.asso.fr\/wp-content\/uploads\/2015\/07\/paon-du-jour-pond-majoritairement-sur-lortie-dioique.jpg' rel=\"lightbox[826]\"><img width=\"625\" height=\"392\" src=\"http:\/\/www.nature-comminges.asso.fr\/wp-content\/uploads\/2015\/07\/paon-du-jour-pond-majoritairement-sur-lortie-dioique.jpg\" class=\"attachment-large size-large\" alt=\"\" loading=\"lazy\" aria-describedby=\"gallery-1-1317\" srcset=\"http:\/\/www.nature-comminges.asso.fr\/wp-content\/uploads\/2015\/07\/paon-du-jour-pond-majoritairement-sur-lortie-dioique.jpg 860w, http:\/\/www.nature-comminges.asso.fr\/wp-content\/uploads\/2015\/07\/paon-du-jour-pond-majoritairement-sur-lortie-dioique-300x188.jpg 300w, http:\/\/www.nature-comminges.asso.fr\/wp-content\/uploads\/2015\/07\/paon-du-jour-pond-majoritairement-sur-lortie-dioique-624x391.jpg 624w\" sizes=\"(max-width: 625px) 100vw, 625px\" \/><\/a>\n\t\t\t<\/dt>\n\t\t\t\t<dd class='wp-caption-text gallery-caption' id='gallery-1-1317'>\n\t\t\t\tLe Paon du jour a la m\u00eame plante-h\u00f4te que le vulcain \u00a9 Roland Couret\n\t\t\t\t<\/dd><\/dl><br style=\"clear: both\" \/><dl class='gallery-item'>\n\t\t\t<dt class='gallery-icon landscape'>\n\t\t\t\t<a href='http:\/\/www.nature-comminges.asso.fr\/wp-content\/uploads\/2015\/07\/Le-damier-de-la-succise-tire-son-nom-dune-de-ses-plantes-h\u00f4tes-la-succise-des-pr\u00e9s.jpg' rel=\"lightbox[826]\"><img width=\"625\" height=\"391\" src=\"http:\/\/www.nature-comminges.asso.fr\/wp-content\/uploads\/2015\/07\/Le-damier-de-la-succise-tire-son-nom-dune-de-ses-plantes-h\u00f4tes-la-succise-des-pr\u00e9s.jpg\" class=\"attachment-large size-large\" alt=\"\" loading=\"lazy\" aria-describedby=\"gallery-1-1314\" srcset=\"http:\/\/www.nature-comminges.asso.fr\/wp-content\/uploads\/2015\/07\/Le-damier-de-la-succise-tire-son-nom-dune-de-ses-plantes-h\u00f4tes-la-succise-des-pr\u00e9s.jpg 861w, http:\/\/www.nature-comminges.asso.fr\/wp-content\/uploads\/2015\/07\/Le-damier-de-la-succise-tire-son-nom-dune-de-ses-plantes-h\u00f4tes-la-succise-des-pr\u00e9s-300x187.jpg 300w, http:\/\/www.nature-comminges.asso.fr\/wp-content\/uploads\/2015\/07\/Le-damier-de-la-succise-tire-son-nom-dune-de-ses-plantes-h\u00f4tes-la-succise-des-pr\u00e9s-624x390.jpg 624w\" sizes=\"(max-width: 625px) 100vw, 625px\" \/><\/a>\n\t\t\t<\/dt>\n\t\t\t\t<dd class='wp-caption-text gallery-caption' id='gallery-1-1314'>\n\t\t\t\tLe Damier de la succise doit son nom \u00e0 l&#8217;une de ses plantes-h\u00f4tes, la succise des pr\u00e9s \u00a9 Williams Fondevilla\n\t\t\t\t<\/dd><\/dl><dl class='gallery-item'>\n\t\t\t<dt class='gallery-icon landscape'>\n\t\t\t\t<a href='http:\/\/www.nature-comminges.asso.fr\/wp-content\/uploads\/2015\/07\/Le-machaon-ou-grnd-porte-queue-pond-sur-les-ombellif\u00e8res.jpg' rel=\"lightbox[826]\"><img width=\"625\" height=\"392\" src=\"http:\/\/www.nature-comminges.asso.fr\/wp-content\/uploads\/2015\/07\/Le-machaon-ou-grnd-porte-queue-pond-sur-les-ombellif\u00e8res.jpg\" class=\"attachment-large size-large\" alt=\"\" loading=\"lazy\" aria-describedby=\"gallery-1-1315\" srcset=\"http:\/\/www.nature-comminges.asso.fr\/wp-content\/uploads\/2015\/07\/Le-machaon-ou-grnd-porte-queue-pond-sur-les-ombellif\u00e8res.jpg 860w, http:\/\/www.nature-comminges.asso.fr\/wp-content\/uploads\/2015\/07\/Le-machaon-ou-grnd-porte-queue-pond-sur-les-ombellif\u00e8res-300x188.jpg 300w, http:\/\/www.nature-comminges.asso.fr\/wp-content\/uploads\/2015\/07\/Le-machaon-ou-grnd-porte-queue-pond-sur-les-ombellif\u00e8res-624x391.jpg 624w\" sizes=\"(max-width: 625px) 100vw, 625px\" \/><\/a>\n\t\t\t<\/dt>\n\t\t\t\t<dd class='wp-caption-text gallery-caption' id='gallery-1-1315'>\n\t\t\t\tUn Machaon,  ou grand porte queue \u00a9 Roland Couret\n\t\t\t\t<\/dd><\/dl><br style=\"clear: both\" \/><dl class='gallery-item'>\n\t\t\t<dt class='gallery-icon landscape'>\n\t\t\t\t<a href='http:\/\/www.nature-comminges.asso.fr\/wp-content\/uploads\/2015\/07\/Les-plantes-h\u00f4tes-du-tabac-despagne-sont-des-violettes.jpg' rel=\"lightbox[826]\"><img width=\"625\" height=\"392\" src=\"http:\/\/www.nature-comminges.asso.fr\/wp-content\/uploads\/2015\/07\/Les-plantes-h\u00f4tes-du-tabac-despagne-sont-des-violettes.jpg\" class=\"attachment-large size-large\" alt=\"\" loading=\"lazy\" aria-describedby=\"gallery-1-1316\" srcset=\"http:\/\/www.nature-comminges.asso.fr\/wp-content\/uploads\/2015\/07\/Les-plantes-h\u00f4tes-du-tabac-despagne-sont-des-violettes.jpg 859w, http:\/\/www.nature-comminges.asso.fr\/wp-content\/uploads\/2015\/07\/Les-plantes-h\u00f4tes-du-tabac-despagne-sont-des-violettes-300x188.jpg 300w, http:\/\/www.nature-comminges.asso.fr\/wp-content\/uploads\/2015\/07\/Les-plantes-h\u00f4tes-du-tabac-despagne-sont-des-violettes-624x392.jpg 624w\" sizes=\"(max-width: 625px) 100vw, 625px\" \/><\/a>\n\t\t\t<\/dt>\n\t\t\t\t<dd class='wp-caption-text gallery-caption' id='gallery-1-1316'>\n\t\t\t\tLes plantes-h\u00f4tes du Tabac d&#8217;espagne sont des violettes. \u00a9 Roland Couret\n\t\t\t\t<\/dd><\/dl><dl class='gallery-item'>\n\t\t\t<dt class='gallery-icon landscape'>\n\t\t\t\t<a href='http:\/\/www.nature-comminges.asso.fr\/wp-content\/uploads\/2015\/07\/pi\u00e9ride-du-chou-pi\u00e9ris-brassicae.jpg' rel=\"lightbox[826]\"><img width=\"625\" height=\"393\" src=\"http:\/\/www.nature-comminges.asso.fr\/wp-content\/uploads\/2015\/07\/pi\u00e9ride-du-chou-pi\u00e9ris-brassicae.jpg\" class=\"attachment-large size-large\" alt=\"\" loading=\"lazy\" aria-describedby=\"gallery-1-1318\" srcset=\"http:\/\/www.nature-comminges.asso.fr\/wp-content\/uploads\/2015\/07\/pi\u00e9ride-du-chou-pi\u00e9ris-brassicae.jpg 858w, http:\/\/www.nature-comminges.asso.fr\/wp-content\/uploads\/2015\/07\/pi\u00e9ride-du-chou-pi\u00e9ris-brassicae-300x188.jpg 300w, http:\/\/www.nature-comminges.asso.fr\/wp-content\/uploads\/2015\/07\/pi\u00e9ride-du-chou-pi\u00e9ris-brassicae-624x392.jpg 624w\" sizes=\"(max-width: 625px) 100vw, 625px\" \/><\/a>\n\t\t\t<\/dt>\n\t\t\t\t<dd class='wp-caption-text gallery-caption' id='gallery-1-1318'>\n\t\t\t\tLa Pi\u00e9ride du chou est un papillon dont la chenille se nourrit de feuilles de choux \u00a9 Roland Couret\n\t\t\t\t<\/dd><\/dl><br style=\"clear: both\" \/><dl class='gallery-item'>\n\t\t\t<dt class='gallery-icon landscape'>\n\t\t\t\t<a href='http:\/\/www.nature-comminges.asso.fr\/wp-content\/uploads\/2015\/07\/gaz\u00e9-pi\u00e9ride-de-laub\u00e9pine.jpg' rel=\"lightbox[826]\"><img width=\"625\" height=\"391\" src=\"http:\/\/www.nature-comminges.asso.fr\/wp-content\/uploads\/2015\/07\/gaz\u00e9-pi\u00e9ride-de-laub\u00e9pine.jpg\" class=\"attachment-large size-large\" alt=\"\" loading=\"lazy\" aria-describedby=\"gallery-1-1312\" srcset=\"http:\/\/www.nature-comminges.asso.fr\/wp-content\/uploads\/2015\/07\/gaz\u00e9-pi\u00e9ride-de-laub\u00e9pine.jpg 860w, http:\/\/www.nature-comminges.asso.fr\/wp-content\/uploads\/2015\/07\/gaz\u00e9-pi\u00e9ride-de-laub\u00e9pine-300x188.jpg 300w, http:\/\/www.nature-comminges.asso.fr\/wp-content\/uploads\/2015\/07\/gaz\u00e9-pi\u00e9ride-de-laub\u00e9pine-624x390.jpg 624w\" sizes=\"(max-width: 625px) 100vw, 625px\" \/><\/a>\n\t\t\t<\/dt>\n\t\t\t\t<dd class='wp-caption-text gallery-caption' id='gallery-1-1312'>\n\t\t\t\tLe Gaz\u00e9 ou Pi\u00e9ride de l&#8217;aub\u00e9pine \u00a9 Roland Couret\n\t\t\t\t<\/dd><\/dl><dl class='gallery-item'>\n\t\t\t<dt class='gallery-icon landscape'>\n\t\t\t\t<a href='http:\/\/www.nature-comminges.asso.fr\/wp-content\/uploads\/2015\/07\/Lamaryllis-pond-sur-diverses-gramin\u00e9es.jpg' rel=\"lightbox[826]\"><img width=\"625\" height=\"390\" src=\"http:\/\/www.nature-comminges.asso.fr\/wp-content\/uploads\/2015\/07\/Lamaryllis-pond-sur-diverses-gramin\u00e9es.jpg\" class=\"attachment-large size-large\" alt=\"\" loading=\"lazy\" aria-describedby=\"gallery-1-1313\" srcset=\"http:\/\/www.nature-comminges.asso.fr\/wp-content\/uploads\/2015\/07\/Lamaryllis-pond-sur-diverses-gramin\u00e9es.jpg 862w, http:\/\/www.nature-comminges.asso.fr\/wp-content\/uploads\/2015\/07\/Lamaryllis-pond-sur-diverses-gramin\u00e9es-300x187.jpg 300w, http:\/\/www.nature-comminges.asso.fr\/wp-content\/uploads\/2015\/07\/Lamaryllis-pond-sur-diverses-gramin\u00e9es-624x389.jpg 624w\" sizes=\"(max-width: 625px) 100vw, 625px\" \/><\/a>\n\t\t\t<\/dt>\n\t\t\t\t<dd class='wp-caption-text gallery-caption' id='gallery-1-1313'>\n\t\t\t\tAmaryllis \u00a9 Roland Couret\n\t\t\t\t<\/dd><\/dl><br style=\"clear: both\" \/>\n\t\t<\/div>\n\n","protected":false},"excerpt":{"rendered":"<p>Entre les pelouses sommitales et les prairies inondables de la plaine et du pi\u00e9mont, existe une diversit\u00e9 de milieux tr\u00e8s favorables \u00e0 de nombreuses esp\u00e8ces de papillons. Leur existence d\u00e9pend directement de la qualit\u00e9 de leur habitat et de la pr\u00e9sence des plantes-h\u00f4tes n\u00e9cessaires \u00e0 leur survie. En 2009, Nature Comminges a particip\u00e9 \u00e0 l&#8217;\u00e9laboration [&hellip;]<\/p>\n","protected":false},"author":1,"featured_media":0,"parent":0,"menu_order":0,"comment_status":"closed","ping_status":"closed","template":"","meta":[],"_links":{"self":[{"href":"http:\/\/www.nature-comminges.asso.fr\/index.php\/wp-json\/wp\/v2\/pages\/826"}],"collection":[{"href":"http:\/\/www.nature-comminges.asso.fr\/index.php\/wp-json\/wp\/v2\/pages"}],"about":[{"href":"http:\/\/www.nature-comminges.asso.fr\/index.php\/wp-json\/wp\/v2\/types\/page"}],"author":[{"embeddable":true,"href":"http:\/\/www.nature-comminges.asso.fr\/index.php\/wp-json\/wp\/v2\/users\/1"}],"replies":[{"embeddable":true,"href":"http:\/\/www.nature-comminges.asso.fr\/index.php\/wp-json\/wp\/v2\/comments?post=826"}],"version-history":[{"count":9,"href":"http:\/\/www.nature-comminges.asso.fr\/index.php\/wp-json\/wp\/v2\/pages\/826\/revisions"}],"predecessor-version":[{"id":1327,"href":"http:\/\/www.nature-comminges.asso.fr\/index.php\/wp-json\/wp\/v2\/pages\/826\/revisions\/1327"}],"wp:attachment":[{"href":"http:\/\/www.nature-comminges.asso.fr\/index.php\/wp-json\/wp\/v2\/media?parent=826"}],"curies":[{"name":"wp","href":"https:\/\/api.w.org\/{rel}","templated":true}]}}