{"id":602,"date":"2015-07-16T13:16:52","date_gmt":"2015-07-16T12:16:52","guid":{"rendered":"http:\/\/www.nature-comminges.asso.fr\/?page_id=602"},"modified":"2015-08-30T14:19:35","modified_gmt":"2015-08-30T13:19:35","slug":"fleurs-de-montagne","status":"publish","type":"page","link":"http:\/\/www.nature-comminges.asso.fr\/index.php\/fleurs-de-montagne\/","title":{"rendered":"FLEURS DE MONTAGNE"},"content":{"rendered":"<p align=\"justify\"><span style=\"font-size: large;\">\u00a0<br class=' sb-br' \/> Il faudrait un site internet \u00e0 lui seul pour pr\u00e9senter les esp\u00e8ces les plus caract\u00e9ristiques du Comminges.<br \/>\n<\/span><\/p>\n<p align=\"justify\"><span style=\"font-size: large;\">Nous avons choisi des plantes autant de pi\u00e9mont que de haute montagne.<\/span><\/p>\n<p align=\"justify\"><span style=\"font-size: large;\">Nous avons s\u00e9lectionn\u00e9 les esp\u00e8ces pour leur end\u00e9misme, leur raret\u00e9 ou parce que nous les trouvons particuli\u00e8rement belles (ces 3 aspects vont souvent ensemble!). <\/span><\/p>\n<p align=\"justify\"><span style=\"font-size: large;\">Leur habitat est souvent menac\u00e9 par les activit\u00e9s humaines et l&#8217;urbanisation, mais aussi par le r\u00e9enfrichement de prairies de fauche lorsqu&#8217;elles sont abandonn\u00e9es. Ainsi, l&#8217;humain peut contribuer \u00e0 une certaine biodiversit\u00e9, par exemple avec des fauches tardives, ou encore par l&#8217;identification de sites sensibles \u00e0 surveiller au fil des ann\u00e9es.\u00a0 <\/span><\/p>\n<p align=\"justify\"><span style=\"font-size: large;\">Cliquez sur une photo pour pouvoir l\u2019agrandir puis faites d\u00e9filer le diaporama \u00e0 l\u2019aide des fl\u00eaches. <br class=' sb-br' \/>\u00a0<\/span><\/p>\n<p>&nbsp;<\/p>\n\n\t\t<style type=\"text\/css\">\n\t\t\t#gallery-1 {\n\t\t\t\tmargin: auto;\n\t\t\t}\n\t\t\t#gallery-1 .gallery-item {\n\t\t\t\tfloat: left;\n\t\t\t\tmargin-top: 10px;\n\t\t\t\ttext-align: center;\n\t\t\t\twidth: 50%;\n\t\t\t}\n\t\t\t#gallery-1 img {\n\t\t\t\tborder: 2px solid #cfcfcf;\n\t\t\t}\n\t\t\t#gallery-1 .gallery-caption {\n\t\t\t\tmargin-left: 0;\n\t\t\t}\n\t\t\t\/* see gallery_shortcode() in wp-includes\/media.php *\/\n\t\t<\/style>\n\t\t<div id='gallery-1' class='gallery galleryid-602 gallery-columns-2 gallery-size-large'><dl class='gallery-item'>\n\t\t\t<dt class='gallery-icon landscape'>\n\t\t\t\t<a href='http:\/\/www.nature-comminges.asso.fr\/wp-content\/uploads\/2015\/07\/GENET22.jpg' rel=\"lightbox[602]\"><img width=\"625\" height=\"469\" src=\"http:\/\/www.nature-comminges.asso.fr\/wp-content\/uploads\/2015\/07\/GENET22.jpg\" class=\"attachment-large size-large\" alt=\"\" loading=\"lazy\" aria-describedby=\"gallery-1-914\" srcset=\"http:\/\/www.nature-comminges.asso.fr\/wp-content\/uploads\/2015\/07\/GENET22.jpg 860w, http:\/\/www.nature-comminges.asso.fr\/wp-content\/uploads\/2015\/07\/GENET22-300x225.jpg 300w, http:\/\/www.nature-comminges.asso.fr\/wp-content\/uploads\/2015\/07\/GENET22-624x468.jpg 624w\" sizes=\"(max-width: 625px) 100vw, 625px\" \/><\/a>\n\t\t\t<\/dt>\n\t\t\t\t<dd class='wp-caption-text gallery-caption' id='gallery-1-914'>\n\t\t\t\tStation de gen\u00eat horrible en pi\u00e9mont    \u00a9 Nature Comminges\n\t\t\t\t<\/dd><\/dl><dl class='gallery-item'>\n\t\t\t<dt class='gallery-icon landscape'>\n\t\t\t\t<a href='http:\/\/www.nature-comminges.asso.fr\/wp-content\/uploads\/2015\/07\/Narcisse-trompette2.jpg' rel=\"lightbox[602]\"><img width=\"625\" height=\"469\" src=\"http:\/\/www.nature-comminges.asso.fr\/wp-content\/uploads\/2015\/07\/Narcisse-trompette2.jpg\" class=\"attachment-large size-large\" alt=\"\" loading=\"lazy\" aria-describedby=\"gallery-1-919\" srcset=\"http:\/\/www.nature-comminges.asso.fr\/wp-content\/uploads\/2015\/07\/Narcisse-trompette2.jpg 860w, http:\/\/www.nature-comminges.asso.fr\/wp-content\/uploads\/2015\/07\/Narcisse-trompette2-300x225.jpg 300w, http:\/\/www.nature-comminges.asso.fr\/wp-content\/uploads\/2015\/07\/Narcisse-trompette2-624x468.jpg 624w\" sizes=\"(max-width: 625px) 100vw, 625px\" \/><\/a>\n\t\t\t<\/dt>\n\t\t\t\t<dd class='wp-caption-text gallery-caption' id='gallery-1-919'>\n\t\t\t\tNarcisse trompette    \u00a9 Yvan Puntous\n\t\t\t\t<\/dd><\/dl><br style=\"clear: both\" \/><dl class='gallery-item'>\n\t\t\t<dt class='gallery-icon landscape'>\n\t\t\t\t<a href='http:\/\/www.nature-comminges.asso.fr\/wp-content\/uploads\/2015\/07\/iris-des-pyrenees5.jpg' rel=\"lightbox[602]\"><img width=\"625\" height=\"469\" src=\"http:\/\/www.nature-comminges.asso.fr\/wp-content\/uploads\/2015\/07\/iris-des-pyrenees5.jpg\" class=\"attachment-large size-large\" alt=\"\" loading=\"lazy\" aria-describedby=\"gallery-1-923\" srcset=\"http:\/\/www.nature-comminges.asso.fr\/wp-content\/uploads\/2015\/07\/iris-des-pyrenees5.jpg 859w, http:\/\/www.nature-comminges.asso.fr\/wp-content\/uploads\/2015\/07\/iris-des-pyrenees5-300x225.jpg 300w, http:\/\/www.nature-comminges.asso.fr\/wp-content\/uploads\/2015\/07\/iris-des-pyrenees5-624x469.jpg 624w\" sizes=\"(max-width: 625px) 100vw, 625px\" \/><\/a>\n\t\t\t<\/dt>\n\t\t\t\t<dd class='wp-caption-text gallery-caption' id='gallery-1-923'>\n\t\t\t\tIris des Pyr\u00e9n\u00e9es   \u00a9 Nature Comminges \n\t\t\t\t<\/dd><\/dl><dl class='gallery-item'>\n\t\t\t<dt class='gallery-icon landscape'>\n\t\t\t\t<a href='http:\/\/www.nature-comminges.asso.fr\/wp-content\/uploads\/2015\/07\/LIS-DES-PYRENEES3.jpg' rel=\"lightbox[602]\"><img width=\"625\" height=\"469\" src=\"http:\/\/www.nature-comminges.asso.fr\/wp-content\/uploads\/2015\/07\/LIS-DES-PYRENEES3.jpg\" class=\"attachment-large size-large\" alt=\"\" loading=\"lazy\" aria-describedby=\"gallery-1-917\" srcset=\"http:\/\/www.nature-comminges.asso.fr\/wp-content\/uploads\/2015\/07\/LIS-DES-PYRENEES3.jpg 859w, http:\/\/www.nature-comminges.asso.fr\/wp-content\/uploads\/2015\/07\/LIS-DES-PYRENEES3-300x225.jpg 300w, http:\/\/www.nature-comminges.asso.fr\/wp-content\/uploads\/2015\/07\/LIS-DES-PYRENEES3-624x469.jpg 624w\" sizes=\"(max-width: 625px) 100vw, 625px\" \/><\/a>\n\t\t\t<\/dt>\n\t\t\t\t<dd class='wp-caption-text gallery-caption' id='gallery-1-917'>\n\t\t\t\tLis des Pyr\u00e9n\u00e9es    \u00a9 Nature Comminges\n\t\t\t\t<\/dd><\/dl><br style=\"clear: both\" \/><dl class='gallery-item'>\n\t\t\t<dt class='gallery-icon landscape'>\n\t\t\t\t<a href='http:\/\/www.nature-comminges.asso.fr\/wp-content\/uploads\/2015\/07\/Lys-martagon2.jpg' rel=\"lightbox[602]\"><img width=\"625\" height=\"469\" src=\"http:\/\/www.nature-comminges.asso.fr\/wp-content\/uploads\/2015\/07\/Lys-martagon2.jpg\" class=\"attachment-large size-large\" alt=\"\" loading=\"lazy\" aria-describedby=\"gallery-1-1391\" srcset=\"http:\/\/www.nature-comminges.asso.fr\/wp-content\/uploads\/2015\/07\/Lys-martagon2.jpg 859w, http:\/\/www.nature-comminges.asso.fr\/wp-content\/uploads\/2015\/07\/Lys-martagon2-300x225.jpg 300w, http:\/\/www.nature-comminges.asso.fr\/wp-content\/uploads\/2015\/07\/Lys-martagon2-624x469.jpg 624w\" sizes=\"(max-width: 625px) 100vw, 625px\" \/><\/a>\n\t\t\t<\/dt>\n\t\t\t\t<dd class='wp-caption-text gallery-caption' id='gallery-1-1391'>\n\t\t\t\tLis martagon \u00a9 Joel Duvernay\n\t\t\t\t<\/dd><\/dl><dl class='gallery-item'>\n\t\t\t<dt class='gallery-icon landscape'>\n\t\t\t\t<a href='http:\/\/www.nature-comminges.asso.fr\/wp-content\/uploads\/2015\/07\/c\u00e9rinthe-des-pyr\u00e9n\u00e9es2.jpg' rel=\"lightbox[602]\"><img width=\"625\" height=\"469\" src=\"http:\/\/www.nature-comminges.asso.fr\/wp-content\/uploads\/2015\/07\/c\u00e9rinthe-des-pyr\u00e9n\u00e9es2.jpg\" class=\"attachment-large size-large\" alt=\"\" loading=\"lazy\" aria-describedby=\"gallery-1-912\" srcset=\"http:\/\/www.nature-comminges.asso.fr\/wp-content\/uploads\/2015\/07\/c\u00e9rinthe-des-pyr\u00e9n\u00e9es2.jpg 860w, http:\/\/www.nature-comminges.asso.fr\/wp-content\/uploads\/2015\/07\/c\u00e9rinthe-des-pyr\u00e9n\u00e9es2-300x225.jpg 300w, http:\/\/www.nature-comminges.asso.fr\/wp-content\/uploads\/2015\/07\/c\u00e9rinthe-des-pyr\u00e9n\u00e9es2-624x468.jpg 624w\" sizes=\"(max-width: 625px) 100vw, 625px\" \/><\/a>\n\t\t\t<\/dt>\n\t\t\t\t<dd class='wp-caption-text gallery-caption' id='gallery-1-912'>\n\t\t\t\tC\u00e9rinthe des Pyr\u00e9n\u00e9es    \u00a9 Yvan Puntous\n\t\t\t\t<\/dd><\/dl><br style=\"clear: both\" \/><dl class='gallery-item'>\n\t\t\t<dt class='gallery-icon landscape'>\n\t\t\t\t<a href='http:\/\/www.nature-comminges.asso.fr\/wp-content\/uploads\/2015\/07\/ramondia-myconi1.jpg' rel=\"lightbox[602]\"><img width=\"625\" height=\"469\" src=\"http:\/\/www.nature-comminges.asso.fr\/wp-content\/uploads\/2015\/07\/ramondia-myconi1.jpg\" class=\"attachment-large size-large\" alt=\"\" loading=\"lazy\" aria-describedby=\"gallery-1-920\" srcset=\"http:\/\/www.nature-comminges.asso.fr\/wp-content\/uploads\/2015\/07\/ramondia-myconi1.jpg 860w, http:\/\/www.nature-comminges.asso.fr\/wp-content\/uploads\/2015\/07\/ramondia-myconi1-300x225.jpg 300w, http:\/\/www.nature-comminges.asso.fr\/wp-content\/uploads\/2015\/07\/ramondia-myconi1-624x468.jpg 624w\" sizes=\"(max-width: 625px) 100vw, 625px\" \/><\/a>\n\t\t\t<\/dt>\n\t\t\t\t<dd class='wp-caption-text gallery-caption' id='gallery-1-920'>\n\t\t\t\tRamondia myconi    \u00a9 Nature Comminges\n\t\t\t\t<\/dd><\/dl><dl class='gallery-item'>\n\t\t\t<dt class='gallery-icon landscape'>\n\t\t\t\t<a href='http:\/\/www.nature-comminges.asso.fr\/wp-content\/uploads\/2015\/07\/Angelica-razulii1.jpg' rel=\"lightbox[602]\"><img width=\"625\" height=\"469\" src=\"http:\/\/www.nature-comminges.asso.fr\/wp-content\/uploads\/2015\/07\/Angelica-razulii1.jpg\" class=\"attachment-large size-large\" alt=\"\" loading=\"lazy\" aria-describedby=\"gallery-1-910\" srcset=\"http:\/\/www.nature-comminges.asso.fr\/wp-content\/uploads\/2015\/07\/Angelica-razulii1.jpg 860w, http:\/\/www.nature-comminges.asso.fr\/wp-content\/uploads\/2015\/07\/Angelica-razulii1-300x225.jpg 300w, http:\/\/www.nature-comminges.asso.fr\/wp-content\/uploads\/2015\/07\/Angelica-razulii1-624x468.jpg 624w\" sizes=\"(max-width: 625px) 100vw, 625px\" \/><\/a>\n\t\t\t<\/dt>\n\t\t\t\t<dd class='wp-caption-text gallery-caption' id='gallery-1-910'>\n\t\t\t\tAngelica razulii    \u00a9 Nature Comminges\n\t\t\t\t<\/dd><\/dl><br style=\"clear: both\" \/><dl class='gallery-item'>\n\t\t\t<dt class='gallery-icon landscape'>\n\t\t\t\t<a href='http:\/\/www.nature-comminges.asso.fr\/wp-content\/uploads\/2015\/07\/MILLEPERTUIS-D-EAU-HYPERICUM-ELODES1.jpg' rel=\"lightbox[602]\"><img width=\"625\" height=\"417\" src=\"http:\/\/www.nature-comminges.asso.fr\/wp-content\/uploads\/2015\/07\/MILLEPERTUIS-D-EAU-HYPERICUM-ELODES1.jpg\" class=\"attachment-large size-large\" alt=\"\" loading=\"lazy\" aria-describedby=\"gallery-1-918\" srcset=\"http:\/\/www.nature-comminges.asso.fr\/wp-content\/uploads\/2015\/07\/MILLEPERTUIS-D-EAU-HYPERICUM-ELODES1.jpg 861w, http:\/\/www.nature-comminges.asso.fr\/wp-content\/uploads\/2015\/07\/MILLEPERTUIS-D-EAU-HYPERICUM-ELODES1-300x200.jpg 300w, http:\/\/www.nature-comminges.asso.fr\/wp-content\/uploads\/2015\/07\/MILLEPERTUIS-D-EAU-HYPERICUM-ELODES1-624x416.jpg 624w\" sizes=\"(max-width: 625px) 100vw, 625px\" \/><\/a>\n\t\t\t<\/dt>\n\t\t\t\t<dd class='wp-caption-text gallery-caption' id='gallery-1-918'>\n\t\t\t\tMillepertuis d&#8217;eau    \u00a9 Nature Comminges\n\t\t\t\t<\/dd><\/dl><dl class='gallery-item'>\n\t\t\t<dt class='gallery-icon landscape'>\n\t\t\t\t<a href='http:\/\/www.nature-comminges.asso.fr\/wp-content\/uploads\/2015\/07\/Linaigrette-de-Scheuchzer-plante-des-milieux-humides1.jpg' rel=\"lightbox[602]\"><img width=\"625\" height=\"417\" src=\"http:\/\/www.nature-comminges.asso.fr\/wp-content\/uploads\/2015\/07\/Linaigrette-de-Scheuchzer-plante-des-milieux-humides1.jpg\" class=\"attachment-large size-large\" alt=\"\" loading=\"lazy\" aria-describedby=\"gallery-1-916\" srcset=\"http:\/\/www.nature-comminges.asso.fr\/wp-content\/uploads\/2015\/07\/Linaigrette-de-Scheuchzer-plante-des-milieux-humides1.jpg 861w, http:\/\/www.nature-comminges.asso.fr\/wp-content\/uploads\/2015\/07\/Linaigrette-de-Scheuchzer-plante-des-milieux-humides1-300x200.jpg 300w, http:\/\/www.nature-comminges.asso.fr\/wp-content\/uploads\/2015\/07\/Linaigrette-de-Scheuchzer-plante-des-milieux-humides1-624x416.jpg 624w\" sizes=\"(max-width: 625px) 100vw, 625px\" \/><\/a>\n\t\t\t<\/dt>\n\t\t\t\t<dd class='wp-caption-text gallery-caption' id='gallery-1-916'>\n\t\t\t\tLinaigrette de Scheuchzer, plante des zones humides    \u00a9 Nature Comminges\n\t\t\t\t<\/dd><\/dl><br style=\"clear: both\" \/><dl class='gallery-item'>\n\t\t\t<dt class='gallery-icon landscape'>\n\t\t\t\t<a href='http:\/\/www.nature-comminges.asso.fr\/wp-content\/uploads\/2015\/07\/coussinets-de-landrosace-des-pyr\u00e9n\u00e9es1.jpg' rel=\"lightbox[602]\"><img width=\"625\" height=\"416\" src=\"http:\/\/www.nature-comminges.asso.fr\/wp-content\/uploads\/2015\/07\/coussinets-de-landrosace-des-pyr\u00e9n\u00e9es1.jpg\" class=\"attachment-large size-large\" alt=\"\" loading=\"lazy\" aria-describedby=\"gallery-1-913\" srcset=\"http:\/\/www.nature-comminges.asso.fr\/wp-content\/uploads\/2015\/07\/coussinets-de-landrosace-des-pyr\u00e9n\u00e9es1.jpg 860w, http:\/\/www.nature-comminges.asso.fr\/wp-content\/uploads\/2015\/07\/coussinets-de-landrosace-des-pyr\u00e9n\u00e9es1-300x200.jpg 300w, http:\/\/www.nature-comminges.asso.fr\/wp-content\/uploads\/2015\/07\/coussinets-de-landrosace-des-pyr\u00e9n\u00e9es1-624x416.jpg 624w\" sizes=\"(max-width: 625px) 100vw, 625px\" \/><\/a>\n\t\t\t<\/dt>\n\t\t\t\t<dd class='wp-caption-text gallery-caption' id='gallery-1-913'>\n\t\t\t\tCoussinets d&#8217;androsace des Pyr\u00e9n\u00e9es    \u00a9 Nature Comminges\n\t\t\t\t<\/dd><\/dl><dl class='gallery-item'>\n\t\t\t<dt class='gallery-icon landscape'>\n\t\t\t\t<a href='http:\/\/www.nature-comminges.asso.fr\/wp-content\/uploads\/2015\/07\/salix-herbacea-saule-nain1.jpg' rel=\"lightbox[602]\"><img width=\"625\" height=\"417\" src=\"http:\/\/www.nature-comminges.asso.fr\/wp-content\/uploads\/2015\/07\/salix-herbacea-saule-nain1.jpg\" class=\"attachment-large size-large\" alt=\"\" loading=\"lazy\" aria-describedby=\"gallery-1-921\" srcset=\"http:\/\/www.nature-comminges.asso.fr\/wp-content\/uploads\/2015\/07\/salix-herbacea-saule-nain1.jpg 861w, http:\/\/www.nature-comminges.asso.fr\/wp-content\/uploads\/2015\/07\/salix-herbacea-saule-nain1-300x200.jpg 300w, http:\/\/www.nature-comminges.asso.fr\/wp-content\/uploads\/2015\/07\/salix-herbacea-saule-nain1-624x416.jpg 624w\" sizes=\"(max-width: 625px) 100vw, 625px\" \/><\/a>\n\t\t\t<\/dt>\n\t\t\t\t<dd class='wp-caption-text gallery-caption' id='gallery-1-921'>\n\t\t\t\tUn saule nain en haute montagne, le Salix herbacea    \u00a9 Nature Comminges \n\t\t\t\t<\/dd><\/dl><br style=\"clear: both\" \/>\n\t\t<\/div>\n\n<p><br class=' sb-br' \/>\u00a0 <br class=' sb-br' \/><\/p>\n","protected":false},"excerpt":{"rendered":"<p>\u00a0 Il faudrait un site internet \u00e0 lui seul pour pr\u00e9senter les esp\u00e8ces les plus caract\u00e9ristiques du Comminges. Nous avons choisi des plantes autant de pi\u00e9mont que de haute montagne. Nous avons s\u00e9lectionn\u00e9 les esp\u00e8ces pour leur end\u00e9misme, leur raret\u00e9 ou parce que nous les trouvons particuli\u00e8rement belles (ces 3 aspects vont souvent ensemble!). Leur [&hellip;]<\/p>\n","protected":false},"author":1,"featured_media":0,"parent":0,"menu_order":0,"comment_status":"closed","ping_status":"closed","template":"","meta":[],"_links":{"self":[{"href":"http:\/\/www.nature-comminges.asso.fr\/index.php\/wp-json\/wp\/v2\/pages\/602"}],"collection":[{"href":"http:\/\/www.nature-comminges.asso.fr\/index.php\/wp-json\/wp\/v2\/pages"}],"about":[{"href":"http:\/\/www.nature-comminges.asso.fr\/index.php\/wp-json\/wp\/v2\/types\/page"}],"author":[{"embeddable":true,"href":"http:\/\/www.nature-comminges.asso.fr\/index.php\/wp-json\/wp\/v2\/users\/1"}],"replies":[{"embeddable":true,"href":"http:\/\/www.nature-comminges.asso.fr\/index.php\/wp-json\/wp\/v2\/comments?post=602"}],"version-history":[{"count":23,"href":"http:\/\/www.nature-comminges.asso.fr\/index.php\/wp-json\/wp\/v2\/pages\/602\/revisions"}],"predecessor-version":[{"id":1392,"href":"http:\/\/www.nature-comminges.asso.fr\/index.php\/wp-json\/wp\/v2\/pages\/602\/revisions\/1392"}],"wp:attachment":[{"href":"http:\/\/www.nature-comminges.asso.fr\/index.php\/wp-json\/wp\/v2\/media?parent=602"}],"curies":[{"name":"wp","href":"https:\/\/api.w.org\/{rel}","templated":true}]}}