{"id":600,"date":"2015-07-16T13:16:26","date_gmt":"2015-07-16T12:16:26","guid":{"rendered":"http:\/\/www.nature-comminges.asso.fr\/?page_id=600"},"modified":"2015-08-30T14:30:05","modified_gmt":"2015-08-30T13:30:05","slug":"orchidees","status":"publish","type":"page","link":"http:\/\/www.nature-comminges.asso.fr\/index.php\/orchidees\/","title":{"rendered":"ORCHIDEES"},"content":{"rendered":"<p align=\"justify\"><span style=\"font-size: large;\">\u00a0<br class=' sb-br' \/> Les orchid\u00e9es ont de nombreuses raisons d&#8217;attirer et de passionner. Les strat\u00e9gies qu&#8217;elles emploient envers leurs pollinisateurs, leurres visuels, olfactifs et sexuels, sont fascinantes. <\/span><\/p>\n<p align=\"justify\"><span style=\"font-size: large;\">Il existe plus de 25000 esp\u00e8ces \u00e0 travers le globe, r\u00e9parties entre 0 et 3500 m\u00e8tres d&#8217;altitude. <\/span><\/p>\n<p align=\"justify\"><span style=\"font-size: large;\">160 esp\u00e8ces existent en France m\u00e9tropolitaine, toutes terrestres, dont 90 en Midi Pyr\u00e9n\u00e9es.<\/span><\/p>\n<p align=\"justify\"><span style=\"font-size: large;\">Une esp\u00e8ce sur six est menac\u00e9e de disparition en France (11 esp\u00e8ces sont prot\u00e9g\u00e9es en Midi Pyr\u00e9n\u00e9es). Une attention particuli\u00e8re doit donc leur \u00eatre port\u00e9e, autant par les botanistes chevronn\u00e9s que par les propri\u00e9taires des pelouses et lisi\u00e8res foresti\u00e8res : Ces milieux contribuent de mani\u00e8re cons\u00e9quente aux richesses naturelles de notre r\u00e9gion. <br class=' sb-br' \/>\u00a0<\/span><\/p>\n<p>&nbsp;<\/p>\n\n\t\t<style type=\"text\/css\">\n\t\t\t#gallery-1 {\n\t\t\t\tmargin: auto;\n\t\t\t}\n\t\t\t#gallery-1 .gallery-item {\n\t\t\t\tfloat: left;\n\t\t\t\tmargin-top: 10px;\n\t\t\t\ttext-align: center;\n\t\t\t\twidth: 50%;\n\t\t\t}\n\t\t\t#gallery-1 img {\n\t\t\t\tborder: 2px solid #cfcfcf;\n\t\t\t}\n\t\t\t#gallery-1 .gallery-caption {\n\t\t\t\tmargin-left: 0;\n\t\t\t}\n\t\t\t\/* see gallery_shortcode() in wp-includes\/media.php *\/\n\t\t<\/style>\n\t\t<div id='gallery-1' class='gallery galleryid-600 gallery-columns-2 gallery-size-large'><dl class='gallery-item'>\n\t\t\t<dt class='gallery-icon portrait'>\n\t\t\t\t<a href='http:\/\/www.nature-comminges.asso.fr\/wp-content\/uploads\/2015\/07\/LOphrys-araign\u00e9e-est-lune-des-premi\u00e8res-orchid\u00e9es-\u00e0apparaitre-dans-les-pelouses1.jpg' rel=\"lightbox[600]\"><img width=\"383\" height=\"499\" src=\"http:\/\/www.nature-comminges.asso.fr\/wp-content\/uploads\/2015\/07\/LOphrys-araign\u00e9e-est-lune-des-premi\u00e8res-orchid\u00e9es-\u00e0apparaitre-dans-les-pelouses1.jpg\" class=\"attachment-large size-large\" alt=\"\" loading=\"lazy\" aria-describedby=\"gallery-1-952\" srcset=\"http:\/\/www.nature-comminges.asso.fr\/wp-content\/uploads\/2015\/07\/LOphrys-araign\u00e9e-est-lune-des-premi\u00e8res-orchid\u00e9es-\u00e0apparaitre-dans-les-pelouses1.jpg 383w, http:\/\/www.nature-comminges.asso.fr\/wp-content\/uploads\/2015\/07\/LOphrys-araign\u00e9e-est-lune-des-premi\u00e8res-orchid\u00e9es-\u00e0apparaitre-dans-les-pelouses1-230x300.jpg 230w\" sizes=\"(max-width: 383px) 100vw, 383px\" \/><\/a>\n\t\t\t<\/dt>\n\t\t\t\t<dd class='wp-caption-text gallery-caption' id='gallery-1-952'>\n\t\t\t\tL&#8217;ophrys araign\u00e9e (Ophrys arachtiniformis Gren et Phil) est l&#8217;une des premi\u00e8res \u00e0 apparaitre dans les pelouses   \u00a9 Nature Comminges\n\t\t\t\t<\/dd><\/dl><dl class='gallery-item'>\n\t\t\t<dt class='gallery-icon portrait'>\n\t\t\t\t<a href='http:\/\/www.nature-comminges.asso.fr\/wp-content\/uploads\/2015\/07\/Une-autre-m\u00e9ridionale-lOphrys-jaune.jpg' rel=\"lightbox[600]\"><img width=\"375\" height=\"500\" src=\"http:\/\/www.nature-comminges.asso.fr\/wp-content\/uploads\/2015\/07\/Une-autre-m\u00e9ridionale-lOphrys-jaune.jpg\" class=\"attachment-large size-large\" alt=\"\" loading=\"lazy\" aria-describedby=\"gallery-1-958\" srcset=\"http:\/\/www.nature-comminges.asso.fr\/wp-content\/uploads\/2015\/07\/Une-autre-m\u00e9ridionale-lOphrys-jaune.jpg 375w, http:\/\/www.nature-comminges.asso.fr\/wp-content\/uploads\/2015\/07\/Une-autre-m\u00e9ridionale-lOphrys-jaune-225x300.jpg 225w\" sizes=\"(max-width: 375px) 100vw, 375px\" \/><\/a>\n\t\t\t<\/dt>\n\t\t\t\t<dd class='wp-caption-text gallery-caption' id='gallery-1-958'>\n\t\t\t\tElle est accompagn\u00e9e par l\u2019Ophrys jaune  (Ophrys lutea Cav), une autre orchid\u00e9e m\u00e9ridionale. \u00a9 Nature Comminges\n\t\t\t\t<\/dd><\/dl><br style=\"clear: both\" \/><dl class='gallery-item'>\n\t\t\t<dt class='gallery-icon portrait'>\n\t\t\t\t<a href='http:\/\/www.nature-comminges.asso.fr\/wp-content\/uploads\/2015\/07\/Lorchis-pourpre-inf\u00e9od\u00e9e-aux-pelouses.jpg' rel=\"lightbox[600]\"><img width=\"375\" height=\"500\" src=\"http:\/\/www.nature-comminges.asso.fr\/wp-content\/uploads\/2015\/07\/Lorchis-pourpre-inf\u00e9od\u00e9e-aux-pelouses.jpg\" class=\"attachment-large size-large\" alt=\"\" loading=\"lazy\" aria-describedby=\"gallery-1-954\" srcset=\"http:\/\/www.nature-comminges.asso.fr\/wp-content\/uploads\/2015\/07\/Lorchis-pourpre-inf\u00e9od\u00e9e-aux-pelouses.jpg 375w, http:\/\/www.nature-comminges.asso.fr\/wp-content\/uploads\/2015\/07\/Lorchis-pourpre-inf\u00e9od\u00e9e-aux-pelouses-225x300.jpg 225w\" sizes=\"(max-width: 375px) 100vw, 375px\" \/><\/a>\n\t\t\t<\/dt>\n\t\t\t\t<dd class='wp-caption-text gallery-caption' id='gallery-1-954'>\n\t\t\t\tL\u2019Orchis pourpre (Orchis purpurea Huds), inf\u00e9od\u00e9e aux pelouses et aux lisi\u00e8res des ch\u00eanaies. \u00a9 Nature Comminges\n\t\t\t\t<\/dd><\/dl><dl class='gallery-item'>\n\t\t\t<dt class='gallery-icon portrait'>\n\t\t\t\t<a href='http:\/\/www.nature-comminges.asso.fr\/wp-content\/uploads\/2015\/07\/lOrchis-militaire-accompagne-parfois-.jpg' rel=\"lightbox[600]\"><img width=\"375\" height=\"500\" src=\"http:\/\/www.nature-comminges.asso.fr\/wp-content\/uploads\/2015\/07\/lOrchis-militaire-accompagne-parfois-.jpg\" class=\"attachment-large size-large\" alt=\"\" loading=\"lazy\" aria-describedby=\"gallery-1-953\" srcset=\"http:\/\/www.nature-comminges.asso.fr\/wp-content\/uploads\/2015\/07\/lOrchis-militaire-accompagne-parfois-.jpg 375w, http:\/\/www.nature-comminges.asso.fr\/wp-content\/uploads\/2015\/07\/lOrchis-militaire-accompagne-parfois--225x300.jpg 225w\" sizes=\"(max-width: 375px) 100vw, 375px\" \/><\/a>\n\t\t\t<\/dt>\n\t\t\t\t<dd class='wp-caption-text gallery-caption' id='gallery-1-953'>\n\t\t\t\tElle est parfois accompagn\u00e9e par l\u2019Orchis militaire (Orchis militaris.L)  \u00a9 Nature Comminges\n\t\t\t\t<\/dd><\/dl><br style=\"clear: both\" \/><dl class='gallery-item'>\n\t\t\t<dt class='gallery-icon portrait'>\n\t\t\t\t<a href='http:\/\/www.nature-comminges.asso.fr\/wp-content\/uploads\/2015\/07\/La-rare-Orchis-singe2.jpg' rel=\"lightbox[600]\"><img width=\"375\" height=\"500\" src=\"http:\/\/www.nature-comminges.asso.fr\/wp-content\/uploads\/2015\/07\/La-rare-Orchis-singe2.jpg\" class=\"attachment-large size-large\" alt=\"\" loading=\"lazy\" aria-describedby=\"gallery-1-964\" srcset=\"http:\/\/www.nature-comminges.asso.fr\/wp-content\/uploads\/2015\/07\/La-rare-Orchis-singe2.jpg 375w, http:\/\/www.nature-comminges.asso.fr\/wp-content\/uploads\/2015\/07\/La-rare-Orchis-singe2-225x300.jpg 225w\" sizes=\"(max-width: 375px) 100vw, 375px\" \/><\/a>\n\t\t\t<\/dt>\n\t\t\t\t<dd class='wp-caption-text gallery-caption' id='gallery-1-964'>\n\t\t\t\t&#8230; plus rarement par l&#8217;orchis singe (Orchis simia.L)   \u00a9 Nature Comminges\n\t\t\t\t<\/dd><\/dl><dl class='gallery-item'>\n\t\t\t<dt class='gallery-icon portrait'>\n\t\t\t\t<a href='http:\/\/www.nature-comminges.asso.fr\/wp-content\/uploads\/2015\/07\/Lophrys-abeille-\u00e9met-des-ph\u00e9romones-imitant-lodeur-de-labeille-femelle.jpg' rel=\"lightbox[600]\"><img width=\"375\" height=\"500\" src=\"http:\/\/www.nature-comminges.asso.fr\/wp-content\/uploads\/2015\/07\/Lophrys-abeille-\u00e9met-des-ph\u00e9romones-imitant-lodeur-de-labeille-femelle.jpg\" class=\"attachment-large size-large\" alt=\"\" loading=\"lazy\" aria-describedby=\"gallery-1-951\" srcset=\"http:\/\/www.nature-comminges.asso.fr\/wp-content\/uploads\/2015\/07\/Lophrys-abeille-\u00e9met-des-ph\u00e9romones-imitant-lodeur-de-labeille-femelle.jpg 375w, http:\/\/www.nature-comminges.asso.fr\/wp-content\/uploads\/2015\/07\/Lophrys-abeille-\u00e9met-des-ph\u00e9romones-imitant-lodeur-de-labeille-femelle-225x300.jpg 225w\" sizes=\"(max-width: 375px) 100vw, 375px\" \/><\/a>\n\t\t\t<\/dt>\n\t\t\t\t<dd class='wp-caption-text gallery-caption' id='gallery-1-951'>\n\t\t\t\tL\u2019Ophrys abeille (Ophrys apifera Huds) \u00e9met des sustances imitant l&#8217;odeur de l&#8217;abeille femelle. \u00a9 Nature Comminges\n\t\t\t\t<\/dd><\/dl><br style=\"clear: both\" \/><dl class='gallery-item'>\n\t\t\t<dt class='gallery-icon portrait'>\n\t\t\t\t<a href='http:\/\/www.nature-comminges.asso.fr\/wp-content\/uploads\/2015\/07\/DSC_00872.jpg' rel=\"lightbox[600]\"><img width=\"376\" height=\"500\" src=\"http:\/\/www.nature-comminges.asso.fr\/wp-content\/uploads\/2015\/07\/DSC_00872.jpg\" class=\"attachment-large size-large\" alt=\"\" loading=\"lazy\" aria-describedby=\"gallery-1-941\" srcset=\"http:\/\/www.nature-comminges.asso.fr\/wp-content\/uploads\/2015\/07\/DSC_00872.jpg 376w, http:\/\/www.nature-comminges.asso.fr\/wp-content\/uploads\/2015\/07\/DSC_00872-226x300.jpg 226w\" sizes=\"(max-width: 376px) 100vw, 376px\" \/><\/a>\n\t\t\t<\/dt>\n\t\t\t\t<dd class='wp-caption-text gallery-caption' id='gallery-1-941'>\n\t\t\t\tL&#8217;homme pendu (Aceras antropophorum (L) Aiton fil) est commune en plaine   \u00a9 Roland Couret\n\t\t\t\t<\/dd><\/dl><dl class='gallery-item'>\n\t\t\t<dt class='gallery-icon portrait'>\n\t\t\t\t<a href='http:\/\/www.nature-comminges.asso.fr\/wp-content\/uploads\/2015\/07\/Ophrys-b\u00e9casse2.jpg' rel=\"lightbox[600]\"><img width=\"375\" height=\"500\" src=\"http:\/\/www.nature-comminges.asso.fr\/wp-content\/uploads\/2015\/07\/Ophrys-b\u00e9casse2.jpg\" class=\"attachment-large size-large\" alt=\"\" loading=\"lazy\" aria-describedby=\"gallery-1-942\" srcset=\"http:\/\/www.nature-comminges.asso.fr\/wp-content\/uploads\/2015\/07\/Ophrys-b\u00e9casse2.jpg 375w, http:\/\/www.nature-comminges.asso.fr\/wp-content\/uploads\/2015\/07\/Ophrys-b\u00e9casse2-225x300.jpg 225w\" sizes=\"(max-width: 375px) 100vw, 375px\" \/><\/a>\n\t\t\t<\/dt>\n\t\t\t\t<dd class='wp-caption-text gallery-caption' id='gallery-1-942'>\n\t\t\t\tAussi fr\u00e9quente est l\u2019Ophrys b\u00e9casse (Ophrys scolopax  Cav), nettement m\u00e9ridionale   \u00a9 Nature Comminges\n\t\t\t\t<\/dd><\/dl><br style=\"clear: both\" \/><dl class='gallery-item'>\n\t\t\t<dt class='gallery-icon portrait'>\n\t\t\t\t<a href='http:\/\/www.nature-comminges.asso.fr\/wp-content\/uploads\/2015\/07\/DSC_0013.jpg' rel=\"lightbox[600]\"><img width=\"375\" height=\"501\" src=\"http:\/\/www.nature-comminges.asso.fr\/wp-content\/uploads\/2015\/07\/DSC_0013.jpg\" class=\"attachment-large size-large\" alt=\"\" loading=\"lazy\" aria-describedby=\"gallery-1-961\" srcset=\"http:\/\/www.nature-comminges.asso.fr\/wp-content\/uploads\/2015\/07\/DSC_0013.jpg 375w, http:\/\/www.nature-comminges.asso.fr\/wp-content\/uploads\/2015\/07\/DSC_0013-225x300.jpg 225w\" sizes=\"(max-width: 375px) 100vw, 375px\" \/><\/a>\n\t\t\t<\/dt>\n\t\t\t\t<dd class='wp-caption-text gallery-caption' id='gallery-1-961'>\n\t\t\t\tSerapias \u00e0 labelle allong\u00e9 (Serapias vomeracea) \u00a9 Roland Couret\n\t\t\t\t<\/dd><\/dl><dl class='gallery-item'>\n\t\t\t<dt class='gallery-icon portrait'>\n\t\t\t\t<a href='http:\/\/www.nature-comminges.asso.fr\/wp-content\/uploads\/2015\/07\/DSC_0015.jpg' rel=\"lightbox[600]\"><img width=\"375\" height=\"500\" src=\"http:\/\/www.nature-comminges.asso.fr\/wp-content\/uploads\/2015\/07\/DSC_0015.jpg\" class=\"attachment-large size-large\" alt=\"\" loading=\"lazy\" aria-describedby=\"gallery-1-962\" srcset=\"http:\/\/www.nature-comminges.asso.fr\/wp-content\/uploads\/2015\/07\/DSC_0015.jpg 375w, http:\/\/www.nature-comminges.asso.fr\/wp-content\/uploads\/2015\/07\/DSC_0015-225x300.jpg 225w\" sizes=\"(max-width: 375px) 100vw, 375px\" \/><\/a>\n\t\t\t<\/dt>\n\t\t\t\t<dd class='wp-caption-text gallery-caption' id='gallery-1-962'>\n\t\t\t\tZoom sur le Serapias \u00e0 labelle allong\u00e9 \u00a9 Roland Couret\n\t\t\t\t<\/dd><\/dl><br style=\"clear: both\" \/><dl class='gallery-item'>\n\t\t\t<dt class='gallery-icon portrait'>\n\t\t\t\t<a href='http:\/\/www.nature-comminges.asso.fr\/wp-content\/uploads\/2015\/07\/Ophrys-de-Gascogne-end\u00e9mique-des-coteaux-de-lArmagnac1.jpg' rel=\"lightbox[600]\"><img width=\"374\" height=\"501\" src=\"http:\/\/www.nature-comminges.asso.fr\/wp-content\/uploads\/2015\/07\/Ophrys-de-Gascogne-end\u00e9mique-des-coteaux-de-lArmagnac1.jpg\" class=\"attachment-large size-large\" alt=\"\" loading=\"lazy\" aria-describedby=\"gallery-1-966\" srcset=\"http:\/\/www.nature-comminges.asso.fr\/wp-content\/uploads\/2015\/07\/Ophrys-de-Gascogne-end\u00e9mique-des-coteaux-de-lArmagnac1.jpg 374w, http:\/\/www.nature-comminges.asso.fr\/wp-content\/uploads\/2015\/07\/Ophrys-de-Gascogne-end\u00e9mique-des-coteaux-de-lArmagnac1-224x300.jpg 224w\" sizes=\"(max-width: 374px) 100vw, 374px\" \/><\/a>\n\t\t\t<\/dt>\n\t\t\t\t<dd class='wp-caption-text gallery-caption' id='gallery-1-966'>\n\t\t\t\tOphrys de gascogne (O vasconica), end\u00e9mique des coteaux de l\u2019Armagnac \u00a9 Nature Comminges\n\t\t\t\t<\/dd><\/dl><dl class='gallery-item'>\n\t\t\t<dt class='gallery-icon portrait'>\n\t\t\t\t<a href='http:\/\/www.nature-comminges.asso.fr\/wp-content\/uploads\/2015\/07\/ophrys-brun2.jpg' rel=\"lightbox[600]\"><img width=\"375\" height=\"500\" src=\"http:\/\/www.nature-comminges.asso.fr\/wp-content\/uploads\/2015\/07\/ophrys-brun2.jpg\" class=\"attachment-large size-large\" alt=\"\" loading=\"lazy\" aria-describedby=\"gallery-1-943\" srcset=\"http:\/\/www.nature-comminges.asso.fr\/wp-content\/uploads\/2015\/07\/ophrys-brun2.jpg 375w, http:\/\/www.nature-comminges.asso.fr\/wp-content\/uploads\/2015\/07\/ophrys-brun2-225x300.jpg 225w\" sizes=\"(max-width: 375px) 100vw, 375px\" \/><\/a>\n\t\t\t<\/dt>\n\t\t\t\t<dd class='wp-caption-text gallery-caption' id='gallery-1-943'>\n\t\t\t\tOphrys brun (Ophrys fusca)   \u00a9 Nature Comminges\n\t\t\t\t<\/dd><\/dl><br style=\"clear: both\" \/>\n\t\t<\/div>\n\n","protected":false},"excerpt":{"rendered":"<p>\u00a0 Les orchid\u00e9es ont de nombreuses raisons d&#8217;attirer et de passionner. Les strat\u00e9gies qu&#8217;elles emploient envers leurs pollinisateurs, leurres visuels, olfactifs et sexuels, sont fascinantes. Il existe plus de 25000 esp\u00e8ces \u00e0 travers le globe, r\u00e9parties entre 0 et 3500 m\u00e8tres d&#8217;altitude. 160 esp\u00e8ces existent en France m\u00e9tropolitaine, toutes terrestres, dont 90 en Midi Pyr\u00e9n\u00e9es. [&hellip;]<\/p>\n","protected":false},"author":1,"featured_media":0,"parent":0,"menu_order":0,"comment_status":"closed","ping_status":"closed","template":"","meta":[],"_links":{"self":[{"href":"http:\/\/www.nature-comminges.asso.fr\/index.php\/wp-json\/wp\/v2\/pages\/600"}],"collection":[{"href":"http:\/\/www.nature-comminges.asso.fr\/index.php\/wp-json\/wp\/v2\/pages"}],"about":[{"href":"http:\/\/www.nature-comminges.asso.fr\/index.php\/wp-json\/wp\/v2\/types\/page"}],"author":[{"embeddable":true,"href":"http:\/\/www.nature-comminges.asso.fr\/index.php\/wp-json\/wp\/v2\/users\/1"}],"replies":[{"embeddable":true,"href":"http:\/\/www.nature-comminges.asso.fr\/index.php\/wp-json\/wp\/v2\/comments?post=600"}],"version-history":[{"count":27,"href":"http:\/\/www.nature-comminges.asso.fr\/index.php\/wp-json\/wp\/v2\/pages\/600\/revisions"}],"predecessor-version":[{"id":1439,"href":"http:\/\/www.nature-comminges.asso.fr\/index.php\/wp-json\/wp\/v2\/pages\/600\/revisions\/1439"}],"wp:attachment":[{"href":"http:\/\/www.nature-comminges.asso.fr\/index.php\/wp-json\/wp\/v2\/media?parent=600"}],"curies":[{"name":"wp","href":"https:\/\/api.w.org\/{rel}","templated":true}]}}