{"id":446,"date":"2015-07-03T13:10:31","date_gmt":"2015-07-03T12:10:31","guid":{"rendered":"http:\/\/www.nature-comminges.asso.fr\/?page_id=446"},"modified":"2024-01-03T12:29:01","modified_gmt":"2024-01-03T11:29:01","slug":"associatifs","status":"publish","type":"page","link":"http:\/\/www.nature-comminges.asso.fr\/index.php\/associatifs\/","title":{"rendered":"Associatifs"},"content":{"rendered":"<br class=' sb-br' \/>\n<p style=\"text-align: justify;\"><a href=\"http:\/\/www.nature-comminges.asso.fr\/wp-content\/uploads\/2015\/07\/IMAGE.jpg\" rel=\"lightbox[446]\"><img loading=\"lazy\" class=\" wp-image-449 alignleft\" src=\"http:\/\/www.nature-comminges.asso.fr\/wp-content\/uploads\/2015\/07\/IMAGE.jpg\" alt=\"IMAGE\" width=\"119\" height=\"101\" \/><\/a><\/p>\n<p align=\"justify\"><span style=\"font-family: Liberation Serif,serif;\"><span style=\"font-size: large;\">Nous sommes membres de la f\u00e9d\u00e9ration r\u00e9gionale <strong><a href=\"http:\/\/www.fne-midipyrenees.fr\/\" target=\"_blank\" rel=\"noopener noreferrer\">France Nature Environnement Midi Pyr\u00e9n\u00e9es<\/a><\/strong>. <\/span><\/span><\/p>\n<p align=\"justify\"><span style=\"font-family: Liberation Serif,serif;\"><span style=\"font-size: large;\">FNE Midi-Pyr\u00e9n\u00e9es est la f\u00e9d\u00e9ration r\u00e9gionale des associations de protection de la nature et de l&#8217;environnement en Midi-Pyr\u00e9n\u00e9es. Elle compte plus de 140 associations membres soit pr\u00e8s de 10 000 citoyens en Midi-Pyr\u00e9n\u00e9es. <\/span><\/span><\/p>\n<p style=\"text-align: justify;\"><span style=\"font-family: DejaVu Sans,sans-serif;\"><span style=\"font-size: small;\">\u00a0<\/span><\/span><\/p>\n<p><a href=\"http:\/\/www.nature-comminges.asso.fr\/wp-content\/uploads\/2023\/12\/nature-occitanie-icone.jpg\" rel=\"lightbox[446]\"><img loading=\"lazy\" class=\"wp-image-5035 alignleft\" src=\"http:\/\/www.nature-comminges.asso.fr\/wp-content\/uploads\/2023\/12\/nature-occitanie-icone.jpg\" alt=\"\" width=\"119\" height=\"101\" \/><\/a><\/p>\n<p align=\"justify\"><span style=\"font-family: Liberation Serif,serif;\"><span style=\"font-size: large;\">\u00a0<br class=' sb-br' \/> N\u00e9e en 1969, <strong><a href=\"http:\/\/www.naturemp.org\/\" target=\"_blank\" rel=\"noopener noreferrer\">Nature en Occitanie (NEO)<\/a> <\/strong><\/span><\/span><span style=\"font-family: Liberation Serif,serif;\"><span style=\"font-size: large;\">est l\u2019association r\u00e9gionale de protection de la nature. Elle intervient dans de nombreux domaines sur lesquels nous sommes fr\u00e9quemment sollicit\u00e9s en tant que partenaire local. Nous entretenons des liens privil\u00e9gi\u00e9s avec l&#8217;association, et travaillons sur des projets communs tr\u00e8s diversifi\u00e9s.<br \/>\n<\/span><\/span><\/p>\n<p style=\"text-align: justify;\"><br class=' sb-br' \/> <br class=' sb-br' \/><\/p>\n<p><a href=\"http:\/\/www.nature-comminges.asso.fr\/wp-content\/uploads\/2015\/07\/asso-7-collines.jpg\" rel=\"lightbox[446]\"><img loading=\"lazy\" class=\" wp-image-458 alignleft\" src=\"http:\/\/www.nature-comminges.asso.fr\/wp-content\/uploads\/2015\/07\/asso-7-collines-300x225.jpg\" alt=\"asso 7 collines\" width=\"118\" height=\"88\" srcset=\"http:\/\/www.nature-comminges.asso.fr\/wp-content\/uploads\/2015\/07\/asso-7-collines-300x225.jpg 300w, http:\/\/www.nature-comminges.asso.fr\/wp-content\/uploads\/2015\/07\/asso-7-collines.jpg 600w\" sizes=\"(max-width: 118px) 100vw, 118px\" \/><\/a><\/p>\n<p align=\"justify\"><strong><span style=\"font-family: Liberation Serif,serif;\"><span style=\"font-size: large;\"><a href=\"http:\/\/chateauizautdelhotel.eklablog.fr\/\" target=\"_blank\" rel=\"noopener noreferrer\">Association &#8220;les 7 Collines&#8221;<\/a> <\/span><\/span><\/strong><span style=\"font-family: Liberation Serif,serif;\"><span style=\"font-size: large;\">a \u00e9t\u00e9 fond\u00e9e autour de l\u2019\u00e9tude et de la mise en valeur du ch\u00e2teau m\u00e9di\u00e9val d\u2019Izaut de l\u2019H\u00f4tel. Des membres proposent \u00e0 l\u2019association des d\u00e9couvertes du patrimoine botanique et g\u00e9ologique de ce petit coin souriant du pi\u00e9mont.<\/span><\/span><\/p>\n<p align=\"justify\"><span style=\"font-family: Liberation Serif,serif;\"><span style=\"font-size: large;\">\u00a0<br class=' sb-br' \/> <br class=' sb-br' \/> Par ailleurs, nous poursuivons notre collaboration avec plusieurs associations locales : <br class=' sb-br' \/>\u00a0<\/span><\/span><\/p>\n<p align=\"justify\">\uf0d8 <span style=\"font-family: Liberation Serif,serif;\"><span style=\"font-size: large;\">la Coordination inter-associative du Comminges\u00a0sur les probl\u00e9matiques des d\u00e9chets et des pesticides ; <\/span><\/span><\/p>\n<p align=\"justify\">\uf0d8 <span style=\"font-family: Liberation Serif,serif;\"><span style=\"font-size: large;\">le Collectif z\u00e9ro-pesticides (F.A.I,R.E, A.T.A.C Comminges, Carline, Terre et humanisme, CIVAM 31) alertant les communes sur les \u00e9pandages de d\u00e9sherbants et les impacts de l\u2019agriculture intensive ; <\/span><\/span><\/p>\n<p align=\"justify\">\uf0d8 <span style=\"font-family: Liberation Serif,serif;\"><span style=\"font-size: large;\">le Collectif des M\u00e8res en col\u00e8re, sur la protection des captages d\u2019eau potable du secteur Caz\u00e8res-Lavelanet\u00a0;<\/span><\/span><\/p>\n<p align=\"justify\">\uf0d8 <span style=\"font-family: Liberation Serif,serif;\"><span style=\"font-size: large;\">l\u2019A.A.P.P.M.A de Saint-Gaudens sur les probl\u00e8mes de pollutions et d\u2019am\u00e9nagements de la Garonne et du canal d\u2019Auln\u00e9 ; <\/span><\/span><\/p>\n<p align=\"justify\">\uf0d8 <span style=\"font-family: Liberation Serif,serif;\"><span style=\"font-size: large;\">les Amis de la Nature du canton de Luchon, en organisant des sorties communes de sensibilisation\u00a0;<\/span><\/span><\/p>\n<p align=\"justify\">\uf0d8 <span style=\"font-family: Liberation Serif,serif;\"><span style=\"font-size: large;\">le Foyer Rural des Frontignes, avec lequel elle coop\u00e8re annuellement pour l\u2019organisation de la Journ\u00e9e Verte en Frontignes\u00a0;<\/span><\/span><\/p>\n<p align=\"justify\">\uf0d8 <span style=\"font-family: Liberation Serif,serif;\"><span style=\"font-size: large;\">le Comit\u00e9 de D\u00e9fense des Sites de Montmaurin, en soutien auquel elle a r\u00e9dig\u00e9 un recours gracieux et un m\u00e9moire en intervention pour demander l\u2019annulation d\u2019un projet de carri\u00e8re \u00e0 ciel ouvert dans un site d\u2019int\u00e9r\u00eat arch\u00e9ologique majeur\u00a0;<\/span><\/span><\/p>\n<p align=\"justify\">\uf0d8 <span style=\"font-family: Liberation Serif,serif;\"><span style=\"font-size: large;\">Nature Arguenos Comminges, mobilis\u00e9e contre un projet d\u2019extension d\u2019une carri\u00e8re \u00e0 ciel ouvert. <\/span><\/span><\/p>\n<p><br class=' sb-br' \/> <br class=' sb-br' \/><\/p>\n<p>&nbsp;<\/p>\n","protected":false},"excerpt":{"rendered":"<p>Nous sommes membres de la f\u00e9d\u00e9ration r\u00e9gionale France Nature Environnement Midi Pyr\u00e9n\u00e9es. FNE Midi-Pyr\u00e9n\u00e9es est la f\u00e9d\u00e9ration r\u00e9gionale des associations de protection de la nature et de l&#8217;environnement en Midi-Pyr\u00e9n\u00e9es. Elle compte plus de 140 associations membres soit pr\u00e8s de 10 000 citoyens en Midi-Pyr\u00e9n\u00e9es. \u00a0 \u00a0 N\u00e9e en 1969, Nature en Occitanie (NEO) est [&hellip;]<\/p>\n","protected":false},"author":1,"featured_media":0,"parent":0,"menu_order":0,"comment_status":"closed","ping_status":"closed","template":"","meta":[],"_links":{"self":[{"href":"http:\/\/www.nature-comminges.asso.fr\/index.php\/wp-json\/wp\/v2\/pages\/446"}],"collection":[{"href":"http:\/\/www.nature-comminges.asso.fr\/index.php\/wp-json\/wp\/v2\/pages"}],"about":[{"href":"http:\/\/www.nature-comminges.asso.fr\/index.php\/wp-json\/wp\/v2\/types\/page"}],"author":[{"embeddable":true,"href":"http:\/\/www.nature-comminges.asso.fr\/index.php\/wp-json\/wp\/v2\/users\/1"}],"replies":[{"embeddable":true,"href":"http:\/\/www.nature-comminges.asso.fr\/index.php\/wp-json\/wp\/v2\/comments?post=446"}],"version-history":[{"count":45,"href":"http:\/\/www.nature-comminges.asso.fr\/index.php\/wp-json\/wp\/v2\/pages\/446\/revisions"}],"predecessor-version":[{"id":5048,"href":"http:\/\/www.nature-comminges.asso.fr\/index.php\/wp-json\/wp\/v2\/pages\/446\/revisions\/5048"}],"wp:attachment":[{"href":"http:\/\/www.nature-comminges.asso.fr\/index.php\/wp-json\/wp\/v2\/media?parent=446"}],"curies":[{"name":"wp","href":"https:\/\/api.w.org\/{rel}","templated":true}]}}