{"id":438,"date":"2015-07-03T12:01:44","date_gmt":"2015-07-03T11:01:44","guid":{"rendered":"http:\/\/www.nature-comminges.asso.fr\/?page_id=438"},"modified":"2015-08-21T13:10:32","modified_gmt":"2015-08-21T12:10:32","slug":"representations","status":"publish","type":"page","link":"http:\/\/www.nature-comminges.asso.fr\/index.php\/representations\/","title":{"rendered":"Repr\u00e9sentations"},"content":{"rendered":"<p align=\"justify\"><span style=\"font-family: Liberation Serif,serif;\"><span style=\"font-size: large;\">\u00a0<br class=' sb-br' \/> Nature Comminges est une association agr\u00e9\u00e9e pour la protection de la Nature et du Cadre de Vie en Haute-Garonne, par Arr\u00eat\u00e9 Pr\u00e9fectoral du 31\/07\/1996. <\/span><\/span><\/p>\n<p align=\"justify\"><span style=\"font-family: Liberation Serif,serif;\"><span style=\"font-size: large;\">\u00c0 ce titre, elle si\u00e8ge \u00e0 plusieurs commissions administratives et elle s\u2019efforce de suivre et d\u2019intervenir dans la majorit\u00e9 des enqu\u00eates publiques, dans le but de faire respecter la l\u00e9gislation en vigueur en mati\u00e8re d\u2019environnement. <br class=' sb-br' \/>\u00a0<\/span><\/span><\/p>\n<p align=\"justify\"><span style=\"font-family: Liberation Serif,serif;\"><span style=\"font-size: large;\">Il s\u2019agit des commissions d\u00e9partementales et locales suivantes\u00a0: <br class=' sb-br' \/>\u00a0<\/span><\/span><\/p>\n<p align=\"justify\">&#8211; <span style=\"font-family: Liberation Serif,serif;\"><span style=\"font-size: large;\">le Conseil D\u00e9partemental de la Chasse et de la Faune Sauvage\u00a0; <\/span><\/span><\/p>\n<p align=\"justify\">&#8211; <span style=\"font-family: Liberation Serif,serif;\"><span style=\"font-size: large;\">la Commission D\u00e9partementale des Sites (C. O. D. E. N. A. P. S 31) (jusqu\u2019en 2013 et depuis lors en tant que repr\u00e9sentant de FNE Midi-Pyr\u00e9n\u00e9es)\u00a0; <\/span><\/span><\/p>\n<p align=\"justify\">&#8211; <span style=\"font-family: Liberation Serif,serif;\"><span style=\"font-size: large;\">les Comit\u00e9s de pilotage d\u00e9partementaux et locaux des sites NATURA 2000 de Haute-Garonne\u00a0;\u00a0<\/span><\/span><\/p>\n<p align=\"justify\">&#8211; <span style=\"font-family: Liberation Serif,serif;\"><span style=\"font-size: large;\">la Commission \u00ab\u00a0Dommages Ours\u00a0\u00bb de l\u2019arrondissement de Saint-Gaudens\u00a0et le Comit\u00e9 de gestion des espaces montagnards ;<\/span><\/span><\/p>\n<p align=\"justify\">&#8211; <span style=\"font-family: Liberation Serif,serif;\"><span style=\"font-size: large;\">les Commissions \u00ab\u00a0\u00e9cobuages\u00a0\u00bb des cantons d\u2019Aspet, Saint-B\u00e9at, Luchon\u00a0;<\/span><\/span><\/p>\n<p align=\"justify\">&#8211; <span style=\"font-family: Liberation Serif,serif;\"><span style=\"font-size: large;\">les Commissions Locales d\u2019Information et de concertation sur les risques industriels (CLICR) des sites SEVESO du Sud 31\u00a0;<\/span><\/span><\/p>\n<p align=\"justify\">&#8211; <span style=\"font-family: Liberation Serif,serif;\"><span style=\"font-size: large;\">la Commission Locale d\u2019Information et de Surveillance (CLIC) du Site du Pihourcq\u00a0;<\/span><\/span><\/p>\n<p align=\"justify\">&#8211; <span style=\"font-family: Liberation Serif,serif;\"><span style=\"font-size: large;\">le Comit\u00e9 de Suivi des Chasses de Transparences des barrages d\u2019Ausson et de la Rod\u00e8re\u00a0;<\/span><\/span><\/p>\n<p align=\"justify\">&#8211; <span style=\"font-family: Liberation Serif,serif;\"><span style=\"font-size: large;\">La Commission U. T. N de Peyragudes ; <\/span><\/span><\/p>\n<p align=\"justify\">&#8211; <span style=\"font-family: Liberation Serif,serif;\"><span style=\"font-size: large;\">le Comit\u00e9 de suivi des Am\u00e9nagements du Site Class\u00e9 de Superbagn\u00e8res. <br class=' sb-br' \/>\u00a0<\/span><\/span><\/p>\n<p align=\"justify\"><span style=\"font-family: Liberation Serif,serif;\"><span style=\"font-size: large;\">Au sein de ces commissions, les diver(e)s repr\u00e9sentant(e)s de l\u2019association si\u00e8gent pour traiter des probl\u00e9matiques environnementales concernant l\u2019ensemble du d\u00e9partement\u00a0; ces repr\u00e9sentant(e)s sont g\u00e9n\u00e9ralement tr\u00e8s pr\u00e9sents aux r\u00e9unions\u00a0; il s\u2019agit de personnes b\u00e9n\u00e9voles (et un salari\u00e9 entre 2006 et 2010) motiv\u00e9es, dont les comp\u00e9tences ont permis \u00e0 notre association de s\u2019affirmer au fil du temps, comme une force de proposition.<br \/>\n<\/span><\/span><\/p>\n","protected":false},"excerpt":{"rendered":"<p>\u00a0 Nature Comminges est une association agr\u00e9\u00e9e pour la protection de la Nature et du Cadre de Vie en Haute-Garonne, par Arr\u00eat\u00e9 Pr\u00e9fectoral du 31\/07\/1996. \u00c0 ce titre, elle si\u00e8ge \u00e0 plusieurs commissions administratives et elle s\u2019efforce de suivre et d\u2019intervenir dans la majorit\u00e9 des enqu\u00eates publiques, dans le but de faire respecter la l\u00e9gislation [&hellip;]<\/p>\n","protected":false},"author":1,"featured_media":0,"parent":0,"menu_order":0,"comment_status":"closed","ping_status":"closed","template":"","meta":[],"_links":{"self":[{"href":"http:\/\/www.nature-comminges.asso.fr\/index.php\/wp-json\/wp\/v2\/pages\/438"}],"collection":[{"href":"http:\/\/www.nature-comminges.asso.fr\/index.php\/wp-json\/wp\/v2\/pages"}],"about":[{"href":"http:\/\/www.nature-comminges.asso.fr\/index.php\/wp-json\/wp\/v2\/types\/page"}],"author":[{"embeddable":true,"href":"http:\/\/www.nature-comminges.asso.fr\/index.php\/wp-json\/wp\/v2\/users\/1"}],"replies":[{"embeddable":true,"href":"http:\/\/www.nature-comminges.asso.fr\/index.php\/wp-json\/wp\/v2\/comments?post=438"}],"version-history":[{"count":5,"href":"http:\/\/www.nature-comminges.asso.fr\/index.php\/wp-json\/wp\/v2\/pages\/438\/revisions"}],"predecessor-version":[{"id":1369,"href":"http:\/\/www.nature-comminges.asso.fr\/index.php\/wp-json\/wp\/v2\/pages\/438\/revisions\/1369"}],"wp:attachment":[{"href":"http:\/\/www.nature-comminges.asso.fr\/index.php\/wp-json\/wp\/v2\/media?parent=438"}],"curies":[{"name":"wp","href":"https:\/\/api.w.org\/{rel}","templated":true}]}}