{"id":413,"date":"2015-07-03T11:47:00","date_gmt":"2015-07-03T10:47:00","guid":{"rendered":"http:\/\/www.nature-comminges.asso.fr\/?page_id=413"},"modified":"2024-02-25T22:35:58","modified_gmt":"2024-02-25T21:35:58","slug":"galliformes-de-montagne","status":"publish","type":"page","link":"http:\/\/www.nature-comminges.asso.fr\/index.php\/galliformes-de-montagne\/","title":{"rendered":"Les galliformes de montagne"},"content":{"rendered":"<p style=\"text-align: justify;\" align=\"left\"><span style=\"font-family: Liberation Serif,serif;\"><span style=\"font-size: large;\">\u00a0<br class=' sb-br' \/> Grand t\u00e9tras, lagop\u00e8de alpin et perdrix grise sont les galliformes de montagne pr\u00e9sents dans le Comminges. <\/span><\/span><\/p>\n<p style=\"text-align: justify;\" align=\"left\"><span style=\"font-family: Liberation Serif,serif;\"><span style=\"font-size: large;\">Notre association participe \u00e0 la Commission D\u00e9partementale de la Chasse et de la Faune Sauvage, communique ses donn\u00e9es d&#8217;observation \u00e0 l&#8217;ONCFS sur le grand t\u00e9tras et le lagop\u00e8de alpin, participe au plan de protection du grand t\u00e9tras.<br class=' sb-br' \/>\u00a0<\/span><\/span><\/p>\n<p align=\"left\"><span style=\"font-family: Liberation Serif,serif;\"><span style=\"font-size: large;\"><strong>Le grand t\u00e9tras (Tetrao urogallus aquitanicus):\u00a0<\/strong> <\/span><\/span><\/p>\n<p style=\"text-align: justify;\" align=\"left\"><span style=\"font-family: Liberation Serif,serif;\"><span style=\"font-size: large;\"><a href=\"http:\/\/www.nature-comminges.asso.fr\/wp-content\/uploads\/2015\/07\/grand-tetras-3.jpg\" rel=\"lightbox[413]\"><img loading=\"lazy\" class=\"alignright wp-image-1976 \" src=\"http:\/\/www.nature-comminges.asso.fr\/wp-content\/uploads\/2015\/07\/grand-tetras-3.jpg\" alt=\"grand tetras 3\" width=\"377\" height=\"252\" srcset=\"http:\/\/www.nature-comminges.asso.fr\/wp-content\/uploads\/2015\/07\/grand-tetras-3.jpg 1776w, http:\/\/www.nature-comminges.asso.fr\/wp-content\/uploads\/2015\/07\/grand-tetras-3-300x201.jpg 300w, http:\/\/www.nature-comminges.asso.fr\/wp-content\/uploads\/2015\/07\/grand-tetras-3-1024x685.jpg 1024w, http:\/\/www.nature-comminges.asso.fr\/wp-content\/uploads\/2015\/07\/grand-tetras-3-624x417.jpg 624w\" sizes=\"(max-width: 377px) 100vw, 377px\" \/><\/a>Esp\u00e8ce relique des glaciations, ce grand coq de bruy\u00e8re peuple l&#8217;\u00e9tage montagnard des massifs forestiers du Comminges. <\/span><\/span><\/p>\n<p style=\"text-align: justify;\" align=\"left\"><span style=\"font-family: Liberation Serif,serif;\"><span style=\"font-size: large;\">Habitant des futaies mixtes, des sapini\u00e8res et des boisements de pins \u00e0 crochets entre 800 et 2400 m\u00e8tres, c&#8217;est un oiseau tr\u00e8s discret et majestueux de nos for\u00eats. <\/span><\/span><\/p>\n<p style=\"text-align: left;\" align=\"left\"><span style=\"font-family: Liberation Serif,serif;\"><span style=\"font-size: large;\">Il est en d\u00e9clin progressif sur l\u2019ensemble des Pyr\u00e9n\u00e9es en raison de la fragmentation de son habitat, des d\u00e9rangements caus\u00e9s par les activit\u00e9s humaines et des changements climatiques influen\u00e7ant le succ\u00e8s de sa reproduction. <br class=' sb-br' \/><\/span><\/span><\/p>\n<p>&nbsp;<\/p>\n<p style=\"text-align: center;\" align=\"left\"><a href=\"http:\/\/www.nature-comminges.asso.fr\/wp-content\/uploads\/2024\/02\/Grand-tetras12.jpg\" rel=\"lightbox[413]\"><img loading=\"lazy\" class=\"alignnone size-full wp-image-5080\" src=\"http:\/\/www.nature-comminges.asso.fr\/wp-content\/uploads\/2024\/02\/Grand_tetras12.jpg\" alt=\"\" width=\"100\" height=\"140\" \/><\/a><\/p>\n<p style=\"text-align: justify;\" align=\"left\"><span style=\"font-family: Liberation Serif,serif;\"><span style=\"font-size: large;\">\u00a0<br class=' sb-br' \/> <strong>La perdrix grise (Perdix perdix) :\u00a0<\/strong> <\/span><\/span><\/p>\n<p style=\"text-align: justify;\" align=\"left\"><span style=\"font-family: Liberation Serif,serif;\"><span style=\"font-size: large;\">La perdrix grise vit dans les landes et pelouses d&#8217;estives, situ\u00e9es aux exposition chaudes depuis le haut de l&#8217;\u00e9tage montagnard jusqu&#8217;\u00e0 la base de l&#8217;\u00e9tage alpin, majoritairement entre 1500 et 2200 m\u00e8tres d&#8217;altitude. <\/span><\/span><\/p>\n<p style=\"text-align: justify;\" align=\"left\"><span style=\"font-family: Liberation Serif,serif;\"><span style=\"font-size: large;\">Le maintien de milieux diversifi\u00e9s, la pr\u00e9servation d\u2019une mosa\u00efque fine o\u00f9 alternent landes ferm\u00e9es et landes ouvertes, des \u00e9cobuages dirig\u00e9s, tournants et r\u00e9alis\u00e9s en p\u00e9riode froide, sont essentiels pour la vie de l&#8217;esp\u00e8ce. <\/span><\/span><\/p>\n<p style=\"text-align: justify;\" align=\"left\"><span style=\"font-family: Liberation Serif,serif;\"><span style=\"font-size: large;\">La perdrix grise est chass\u00e9e en Haute Garonne. <br class=' sb-br' \/>\u00a0<\/span><\/span><\/p>\n<p style=\"text-align: justify;\" align=\"left\"><span style=\"font-family: Liberation Serif,serif;\"><span style=\"font-size: large;\"><strong>Le lagop\u00e8de alpin (Lagopus muta) :<\/strong><br \/>\n<\/span><\/span><\/p>\n<p style=\"text-align: justify;\" align=\"left\"><span style=\"font-family: Liberation Serif,serif;\"><span style=\"font-size: large;\"><a href=\"http:\/\/www.nature-comminges.asso.fr\/wp-content\/uploads\/2015\/07\/NEYLA-383.jpg\" rel=\"lightbox[413]\"><img loading=\"lazy\" class=\"alignleft wp-image-1979 \" src=\"http:\/\/www.nature-comminges.asso.fr\/wp-content\/uploads\/2015\/07\/NEYLA-383.jpg\" alt=\"NEYLA 383\" width=\"389\" height=\"292\" srcset=\"http:\/\/www.nature-comminges.asso.fr\/wp-content\/uploads\/2015\/07\/NEYLA-383.jpg 1600w, http:\/\/www.nature-comminges.asso.fr\/wp-content\/uploads\/2015\/07\/NEYLA-383-300x225.jpg 300w, http:\/\/www.nature-comminges.asso.fr\/wp-content\/uploads\/2015\/07\/NEYLA-383-1024x768.jpg 1024w, http:\/\/www.nature-comminges.asso.fr\/wp-content\/uploads\/2015\/07\/NEYLA-383-624x468.jpg 624w\" sizes=\"(max-width: 389px) 100vw, 389px\" \/><\/a><\/span><\/span><span style=\"font-family: Liberation Serif,serif;\"><span style=\"font-size: large;\">\u00a0<br class=' sb-br' \/> <br class=' sb-br' \/> Appel\u00e9e aussi perdrix des neiges, l&#8217;esp\u00e8ce occupe la haute montagne entre 1800 et 3000 m\u00e8tres, avec une pr\u00e9f\u00e9rence pour les versants nord. <\/span><\/span><\/p>\n<p style=\"text-align: justify;\" align=\"left\"><span style=\"font-family: Liberation Serif,serif;\"><span style=\"font-size: large;\">Son plumage varie du blanc en hiver au fauve en \u00e9t\u00e9. <\/span><\/span><\/p>\n<p style=\"text-align: justify;\" align=\"left\"><span style=\"font-family: Liberation Serif,serif;\"><span style=\"font-size: large;\">L&#8217;esp\u00e8ce est en tr\u00e8s forte r\u00e9gression sur l&#8217;ensemble de la cha\u00eene.<\/span><\/span><\/p>\n<p style=\"text-align: justify;\" align=\"left\"><span style=\"font-size: large;\"><span style=\"font-family: Liberation Serif,serif;\">\u00a0<br class=' sb-br' \/>\u00a0 <br class=' sb-br' \/>\u00a0 <br class=' sb-br' \/>\u00a0 <br class=' sb-br' \/>\u00a0<\/span><\/span><\/p>\n<p style=\"text-align: justify;\" align=\"left\">Photos et dessins : Neyla et Guillaume Castaing <br class=' sb-br' \/><\/p>\n","protected":false},"excerpt":{"rendered":"<p>\u00a0 Grand t\u00e9tras, lagop\u00e8de alpin et perdrix grise sont les galliformes de montagne pr\u00e9sents dans le Comminges. Notre association participe \u00e0 la Commission D\u00e9partementale de la Chasse et de la Faune Sauvage, communique ses donn\u00e9es d&#8217;observation \u00e0 l&#8217;ONCFS sur le grand t\u00e9tras et le lagop\u00e8de alpin, participe au plan de protection du grand t\u00e9tras.\u00a0 Le [&hellip;]<\/p>\n","protected":false},"author":1,"featured_media":0,"parent":0,"menu_order":0,"comment_status":"closed","ping_status":"closed","template":"","meta":[],"_links":{"self":[{"href":"http:\/\/www.nature-comminges.asso.fr\/index.php\/wp-json\/wp\/v2\/pages\/413"}],"collection":[{"href":"http:\/\/www.nature-comminges.asso.fr\/index.php\/wp-json\/wp\/v2\/pages"}],"about":[{"href":"http:\/\/www.nature-comminges.asso.fr\/index.php\/wp-json\/wp\/v2\/types\/page"}],"author":[{"embeddable":true,"href":"http:\/\/www.nature-comminges.asso.fr\/index.php\/wp-json\/wp\/v2\/users\/1"}],"replies":[{"embeddable":true,"href":"http:\/\/www.nature-comminges.asso.fr\/index.php\/wp-json\/wp\/v2\/comments?post=413"}],"version-history":[{"count":25,"href":"http:\/\/www.nature-comminges.asso.fr\/index.php\/wp-json\/wp\/v2\/pages\/413\/revisions"}],"predecessor-version":[{"id":5083,"href":"http:\/\/www.nature-comminges.asso.fr\/index.php\/wp-json\/wp\/v2\/pages\/413\/revisions\/5083"}],"wp:attachment":[{"href":"http:\/\/www.nature-comminges.asso.fr\/index.php\/wp-json\/wp\/v2\/media?parent=413"}],"curies":[{"name":"wp","href":"https:\/\/api.w.org\/{rel}","templated":true}]}}

<p style="text-align: justify;" align="left"><span style="font-family: Liberation Serif,serif;"><span style="font-size: large;"> <br class=' sb-br' /> Grand tétras, lagopède alpin et perdrix grise sont les galliformes de montagne présents dans le Comminges. </span></span></p>
<p style="text-align: justify;" align="left"><span style="font-family: Liberation Serif,serif;"><span style="font-size: large;">Notre association participe à la Commission Départementale de la Chasse et de la Faune Sauvage, communique ses données d&#8217;observation à l&#8217;ONCFS sur le grand tétras et le lagopède alpin, participe au plan de protection du grand tétras.<br class=' sb-br' /> </span></span></p>
<p align="left"><span style="font-family: Liberation Serif,serif;"><span style="font-size: large;"><strong>Le grand tétras (Tetrao urogallus aquitanicus): </strong> </span></span></p>
<p style="text-align: justify;" align="left"><span style="font-family: Liberation Serif,serif;"><span style="font-size: large;"><a href="http://www.nature-comminges.asso.fr/wp-content/uploads/2015/07/grand-tetras-3.jpg" rel="lightbox[413]"><img loading="lazy" class="alignright wp-image-1976 " src="http://www.nature-comminges.asso.fr/wp-content/uploads/2015/07/grand-tetras-3.jpg" alt="grand tetras 3" width="377" height="252" srcset="http://www.nature-comminges.asso.fr/wp-content/uploads/2015/07/grand-tetras-3.jpg 1776w, http://www.nature-comminges.asso.fr/wp-content/uploads/2015/07/grand-tetras-3-300x201.jpg 300w, http://www.nature-comminges.asso.fr/wp-content/uploads/2015/07/grand-tetras-3-1024x685.jpg 1024w, http://www.nature-comminges.asso.fr/wp-content/uploads/2015/07/grand-tetras-3-624x417.jpg 624w" sizes="(max-width: 377px) 100vw, 377px" /></a>Espèce relique des glaciations, ce grand coq de bruyère peuple l&#8217;étage montagnard des massifs forestiers du Comminges. </span></span></p>
<p style="text-align: justify;" align="left"><span style="font-family: Liberation Serif,serif;"><span style="font-size: large;">Habitant des futaies mixtes, des sapinières et des boisements de pins à crochets entre 800 et 2400 mètres, c&#8217;est un oiseau très discret et majestueux de nos forêts. </span></span></p>
<p style="text-align: left;" align="left"><span style="font-family: Liberation Serif,serif;"><span style="font-size: large;">Il est en déclin progressif sur l’ensemble des Pyrénées en raison de la fragmentation de son habitat, des dérangements causés par les activités humaines et des changements climatiques influençant le succès de sa reproduction. <br class=' sb-br' /></span></span></p>
<p>&nbsp;</p>
<p style="text-align: center;" align="left"><a href="http://www.nature-comminges.asso.fr/wp-content/uploads/2024/02/Grand-tetras12.jpg" rel="lightbox[413]"><img loading="lazy" class="alignnone size-full wp-image-5080" src="http://www.nature-comminges.asso.fr/wp-content/uploads/2024/02/Grand_tetras12.jpg" alt="" width="100" height="140" /></a></p>
<p style="text-align: justify;" align="left"><span style="font-family: Liberation Serif,serif;"><span style="font-size: large;"> <br class=' sb-br' /> <strong>La perdrix grise (Perdix perdix) : </strong> </span></span></p>
<p style="text-align: justify;" align="left"><span style="font-family: Liberation Serif,serif;"><span style="font-size: large;">La perdrix grise vit dans les landes et pelouses d&#8217;estives, situées aux exposition chaudes depuis le haut de l&#8217;étage montagnard jusqu&#8217;à la base de l&#8217;étage alpin, majoritairement entre 1500 et 2200 mètres d&#8217;altitude. </span></span></p>
<p style="text-align: justify;" align="left"><span style="font-family: Liberation Serif,serif;"><span style="font-size: large;">Le maintien de milieux diversifiés, la préservation d’une mosaïque fine où alternent landes fermées et landes ouvertes, des écobuages dirigés, tournants et réalisés en période froide, sont essentiels pour la vie de l&#8217;espèce. </span></span></p>
<p style="text-align: justify;" align="left"><span style="font-family: Liberation Serif,serif;"><span style="font-size: large;">La perdrix grise est chassée en Haute Garonne. <br class=' sb-br' /> </span></span></p>
<p style="text-align: justify;" align="left"><span style="font-family: Liberation Serif,serif;"><span style="font-size: large;"><strong>Le lagopède alpin (Lagopus muta) :</strong><br />
</span></span></p>
<p style="text-align: justify;" align="left"><span style="font-family: Liberation Serif,serif;"><span style="font-size: large;"><a href="http://www.nature-comminges.asso.fr/wp-content/uploads/2015/07/NEYLA-383.jpg" rel="lightbox[413]"><img loading="lazy" class="alignleft wp-image-1979 " src="http://www.nature-comminges.asso.fr/wp-content/uploads/2015/07/NEYLA-383.jpg" alt="NEYLA 383" width="389" height="292" srcset="http://www.nature-comminges.asso.fr/wp-content/uploads/2015/07/NEYLA-383.jpg 1600w, http://www.nature-comminges.asso.fr/wp-content/uploads/2015/07/NEYLA-383-300x225.jpg 300w, http://www.nature-comminges.asso.fr/wp-content/uploads/2015/07/NEYLA-383-1024x768.jpg 1024w, http://www.nature-comminges.asso.fr/wp-content/uploads/2015/07/NEYLA-383-624x468.jpg 624w" sizes="(max-width: 389px) 100vw, 389px" /></a></span></span><span style="font-family: Liberation Serif,serif;"><span style="font-size: large;"> <br class=' sb-br' /> <br class=' sb-br' /> Appelée aussi perdrix des neiges, l&#8217;espèce occupe la haute montagne entre 1800 et 3000 mètres, avec une préférence pour les versants nord. </span></span></p>
<p style="text-align: justify;" align="left"><span style="font-family: Liberation Serif,serif;"><span style="font-size: large;">Son plumage varie du blanc en hiver au fauve en été. </span></span></p>
<p style="text-align: justify;" align="left"><span style="font-family: Liberation Serif,serif;"><span style="font-size: large;">L&#8217;espèce est en très forte régression sur l&#8217;ensemble de la chaîne.</span></span></p>
<p style="text-align: justify;" align="left"><span style="font-size: large;"><span style="font-family: Liberation Serif,serif;"> <br class=' sb-br' />  <br class=' sb-br' />  <br class=' sb-br' />  <br class=' sb-br' /> </span></span></p>
<p style="text-align: justify;" align="left">Photos et dessins : Neyla et Guillaume Castaing <br class=' sb-br' /></p>

<p>  Grand tétras, lagopède alpin et perdrix grise sont les galliformes de montagne présents dans le Comminges. Notre association participe à la Commission Départementale de la Chasse et de la Faune Sauvage, communique ses données d&#8217;observation à l&#8217;ONCFS sur le grand tétras et le lagopède alpin, participe au plan de protection du grand tétras.  Le [&hellip;]</p>
