{"id":409,"date":"2015-07-03T11:44:28","date_gmt":"2015-07-03T10:44:28","guid":{"rendered":"http:\/\/www.nature-comminges.asso.fr\/?page_id=409"},"modified":"2015-11-27T19:09:46","modified_gmt":"2015-11-27T18:09:46","slug":"flore-2","status":"publish","type":"page","link":"http:\/\/www.nature-comminges.asso.fr\/index.php\/flore-2\/","title":{"rendered":"La flore"},"content":{"rendered":"<p class=\"western\" align=\"justify\"><span style=\"font-family: Liberation Serif,serif;\"><span style=\"font-size: large;\">\u00a0<br class=' sb-br' \/> De 2006 \u00e0 2011, notre association a renforc\u00e9 son \u00e9quipe de b\u00e9n\u00e9voles par l\u2019embauche d\u2019un biologiste professionnel qui a conduit de nombreux travaux de prospections botaniques : <br class=' sb-br' \/>\u00a0<\/span><\/span><\/p>\n<div id=\"attachment_2145\" style=\"width: 286px\" class=\"wp-caption alignright\"><a href=\"http:\/\/www.nature-comminges.asso.fr\/wp-content\/uploads\/2015\/07\/FRITILLAIRE-PINTADE-Fritillaria-meleagris1.jpg\" rel=\"lightbox[409]\"><img aria-describedby=\"caption-attachment-2145\" loading=\"lazy\" class=\"wp-image-2145\" src=\"http:\/\/www.nature-comminges.asso.fr\/wp-content\/uploads\/2015\/07\/FRITILLAIRE-PINTADE-Fritillaria-meleagris1.jpg\" alt=\"FRITILLAIRE PINTADE Fritillaria meleagris1\" width=\"276\" height=\"368\" srcset=\"http:\/\/www.nature-comminges.asso.fr\/wp-content\/uploads\/2015\/07\/FRITILLAIRE-PINTADE-Fritillaria-meleagris1.jpg 600w, http:\/\/www.nature-comminges.asso.fr\/wp-content\/uploads\/2015\/07\/FRITILLAIRE-PINTADE-Fritillaria-meleagris1-225x300.jpg 225w\" sizes=\"(max-width: 276px) 100vw, 276px\" \/><\/a><p id=\"caption-attachment-2145\" class=\"wp-caption-text\">Fritillaire pintade (Fritillaria meleagris)<\/p><\/div>\n<p class=\"western\" align=\"justify\"><span style=\"font-family: Liberation Serif,serif;\"><span style=\"font-size: large;\">\u00a0<br class=' sb-br' \/> &#8211; Participation au plan de conservation des plantes messicoles et plantes remarquables des cultures, vignes et vergers\u00a0en Midi-Pyr\u00e9n\u00e9es, <\/span><\/span><\/p>\n<p class=\"western\" align=\"justify\"><span style=\"font-family: Liberation Serif,serif;\"><span style=\"font-size: large;\">&#8211; Participation au programme \u00ab\u00a0<i>Zones Inondables et Biodiversit\u00e9 en Comminges, diagnostics, sensibilisation<\/i> \u00bb. Dans ce cadre, deux cents coll\u00e9giens\u00a0 et lyc\u00e9ens de Saint-Gaudens et de Montr\u00e9jeau ont \u00e9t\u00e9 sensibilis\u00e9s aux enjeux \u00e9cologiques des zones inondables gr\u00e2ce \u00e0 une action men\u00e9e avec l&#8217;association \u00ab\u00a0FAIRE\u00a0\u00bb, <\/span><\/span><\/p>\n<p class=\"western\" align=\"justify\"><span style=\"font-family: Liberation Serif,serif;\"><span style=\"font-size: large;\">&#8211; R\u00e9actualisation de l\u2019inventaire des Zones Naturelles d\u2019Int\u00e9r\u00eat Ecologique Faunistique et Floristique (ZNIEFF) sur l\u2019ensemble du d\u00e9partement et dans les Hautes-Pyr\u00e9n\u00e9es. Des d\u00e9couvertes floristiques int\u00e9ressantes, parfois in\u00e9dites pour le d\u00e9partement, ont \u00e9t\u00e9 r\u00e9alis\u00e9es. Il a permis la r\u00e9colte de 1200 donn\u00e9es d&#8217;esp\u00e8ces remarquables sur l&#8217;ensemble du Comminges. <br class=' sb-br' \/>\u00a0<\/span><\/span><\/p>\n<p class=\"western\" align=\"justify\"><span style=\"font-family: Liberation Serif,serif;\"><span style=\"font-size: large;\">\u00a0<br class=' sb-br' \/> En 2015, notre association a sign\u00e9 deux nouveaux contrats avec le Conservatoire Botanique pyr\u00e9n\u00e9en, pour suivre d\u2019autres stations de plantes messicoles, ainsi qu\u2019un contrat concernant les plantes menac\u00e9es dans les aires urbaines des agglom\u00e9rations de la r\u00e9gion, dont les alentours de Saint-Gaudens. <br class=' sb-br' \/>\u00a0<\/span><\/span><\/p>\n<p class=\"western\" align=\"justify\"><span style=\"font-family: Liberation Serif,serif;\"><span style=\"font-size: large;\">D\u2019autre part, nous suivons \u00e0 l\u2019association des stations floristiques sensibles, ainsi que des stations de plantes foresti\u00e8res rares. Pour ces derni\u00e8res, nous collaborons avec l\u2019ONF, dans le but d\u2019une reconnaissance dans les documents des for\u00eats en exploitation. <br class=' sb-br' \/>\u00a0 <br class=' sb-br' \/>\u00a0<\/span><\/span><\/p>\n<p style=\"text-align: center;\"><strong>\u00a0<\/strong><\/p>\n","protected":false},"excerpt":{"rendered":"<p>\u00a0 De 2006 \u00e0 2011, notre association a renforc\u00e9 son \u00e9quipe de b\u00e9n\u00e9voles par l\u2019embauche d\u2019un biologiste professionnel qui a conduit de nombreux travaux de prospections botaniques : \u00a0 \u00a0 &#8211; Participation au plan de conservation des plantes messicoles et plantes remarquables des cultures, vignes et vergers\u00a0en Midi-Pyr\u00e9n\u00e9es, &#8211; Participation au programme \u00ab\u00a0Zones Inondables et [&hellip;]<\/p>\n","protected":false},"author":1,"featured_media":0,"parent":0,"menu_order":0,"comment_status":"closed","ping_status":"closed","template":"","meta":[],"_links":{"self":[{"href":"http:\/\/www.nature-comminges.asso.fr\/index.php\/wp-json\/wp\/v2\/pages\/409"}],"collection":[{"href":"http:\/\/www.nature-comminges.asso.fr\/index.php\/wp-json\/wp\/v2\/pages"}],"about":[{"href":"http:\/\/www.nature-comminges.asso.fr\/index.php\/wp-json\/wp\/v2\/types\/page"}],"author":[{"embeddable":true,"href":"http:\/\/www.nature-comminges.asso.fr\/index.php\/wp-json\/wp\/v2\/users\/1"}],"replies":[{"embeddable":true,"href":"http:\/\/www.nature-comminges.asso.fr\/index.php\/wp-json\/wp\/v2\/comments?post=409"}],"version-history":[{"count":9,"href":"http:\/\/www.nature-comminges.asso.fr\/index.php\/wp-json\/wp\/v2\/pages\/409\/revisions"}],"predecessor-version":[{"id":2149,"href":"http:\/\/www.nature-comminges.asso.fr\/index.php\/wp-json\/wp\/v2\/pages\/409\/revisions\/2149"}],"wp:attachment":[{"href":"http:\/\/www.nature-comminges.asso.fr\/index.php\/wp-json\/wp\/v2\/media?parent=409"}],"curies":[{"name":"wp","href":"https:\/\/api.w.org\/{rel}","templated":true}]}}

<p class="western" align="justify"><span style="font-family: Liberation Serif,serif;"><span style="font-size: large;"> <br class=' sb-br' /> De 2006 à 2011, notre association a renforcé son équipe de bénévoles par l’embauche d’un biologiste professionnel qui a conduit de nombreux travaux de prospections botaniques : <br class=' sb-br' /> </span></span></p>
<div id="attachment_2145" style="width: 286px" class="wp-caption alignright"><a href="http://www.nature-comminges.asso.fr/wp-content/uploads/2015/07/FRITILLAIRE-PINTADE-Fritillaria-meleagris1.jpg" rel="lightbox[409]"><img aria-describedby="caption-attachment-2145" loading="lazy" class="wp-image-2145" src="http://www.nature-comminges.asso.fr/wp-content/uploads/2015/07/FRITILLAIRE-PINTADE-Fritillaria-meleagris1.jpg" alt="FRITILLAIRE PINTADE Fritillaria meleagris1" width="276" height="368" srcset="http://www.nature-comminges.asso.fr/wp-content/uploads/2015/07/FRITILLAIRE-PINTADE-Fritillaria-meleagris1.jpg 600w, http://www.nature-comminges.asso.fr/wp-content/uploads/2015/07/FRITILLAIRE-PINTADE-Fritillaria-meleagris1-225x300.jpg 225w" sizes="(max-width: 276px) 100vw, 276px" /></a><p id="caption-attachment-2145" class="wp-caption-text">Fritillaire pintade (Fritillaria meleagris)</p></div>
<p class="western" align="justify"><span style="font-family: Liberation Serif,serif;"><span style="font-size: large;"> <br class=' sb-br' /> &#8211; Participation au plan de conservation des plantes messicoles et plantes remarquables des cultures, vignes et vergers en Midi-Pyrénées, </span></span></p>
<p class="western" align="justify"><span style="font-family: Liberation Serif,serif;"><span style="font-size: large;">&#8211; Participation au programme « <i>Zones Inondables et Biodiversité en Comminges, diagnostics, sensibilisation</i> ». Dans ce cadre, deux cents collégiens  et lycéens de Saint-Gaudens et de Montréjeau ont été sensibilisés aux enjeux écologiques des zones inondables grâce à une action menée avec l&#8217;association « FAIRE », </span></span></p>
<p class="western" align="justify"><span style="font-family: Liberation Serif,serif;"><span style="font-size: large;">&#8211; Réactualisation de l’inventaire des Zones Naturelles d’Intérêt Ecologique Faunistique et Floristique (ZNIEFF) sur l’ensemble du département et dans les Hautes-Pyrénées. Des découvertes floristiques intéressantes, parfois inédites pour le département, ont été réalisées. Il a permis la récolte de 1200 données d&#8217;espèces remarquables sur l&#8217;ensemble du Comminges. <br class=' sb-br' /> </span></span></p>
<p class="western" align="justify"><span style="font-family: Liberation Serif,serif;"><span style="font-size: large;"> <br class=' sb-br' /> En 2015, notre association a signé deux nouveaux contrats avec le Conservatoire Botanique pyrénéen, pour suivre d’autres stations de plantes messicoles, ainsi qu’un contrat concernant les plantes menacées dans les aires urbaines des agglomérations de la région, dont les alentours de Saint-Gaudens. <br class=' sb-br' /> </span></span></p>
<p class="western" align="justify"><span style="font-family: Liberation Serif,serif;"><span style="font-size: large;">D’autre part, nous suivons à l’association des stations floristiques sensibles, ainsi que des stations de plantes forestières rares. Pour ces dernières, nous collaborons avec l’ONF, dans le but d’une reconnaissance dans les documents des forêts en exploitation. <br class=' sb-br' />  <br class=' sb-br' /> </span></span></p>
<p style="text-align: center;"><strong> </strong></p>

<p>  De 2006 à 2011, notre association a renforcé son équipe de bénévoles par l’embauche d’un biologiste professionnel qui a conduit de nombreux travaux de prospections botaniques :     &#8211; Participation au plan de conservation des plantes messicoles et plantes remarquables des cultures, vignes et vergers en Midi-Pyrénées, &#8211; Participation au programme « Zones Inondables et [&hellip;]</p>
