{"id":1077,"date":"2015-08-13T16:42:50","date_gmt":"2015-08-13T15:42:50","guid":{"rendered":"http:\/\/www.nature-comminges.asso.fr\/?page_id=1077"},"modified":"2023-12-16T21:51:33","modified_gmt":"2023-12-16T20:51:33","slug":"les-rapaces","status":"publish","type":"page","link":"http:\/\/www.nature-comminges.asso.fr\/index.php\/les-rapaces\/","title":{"rendered":"Les rapaces"},"content":{"rendered":"<p align=\"justify\"><span style=\"color: #000000;\"><span style=\"font-family: Liberation Serif,serif;\"><span style=\"font-size: large;\">\u00a0<br class=' sb-br' \/> Notre association fait partie du <a href=\"http:\/\/www.pourdespyreneesvivantes.fr\/pages.php?F2=5\" target=\"_blank\" rel=\"noopener noreferrer\"><strong>programme Pyr\u00e9n\u00e9es Vivantes<\/strong><\/a>. Nous participons au suivi d&#8217;esp\u00e8ces de rapaces pr\u00e9sentes sur le territoire, gr\u00e2ce \u00e0 l&#8217;engagement de plusieurs de nos membres. <br class=' sb-br' \/>\u00a0<\/span><\/span><\/span><\/p>\n<div id=\"attachment_1689\" style=\"width: 360px\" class=\"wp-caption alignright\"><a href=\"http:\/\/www.nature-comminges.asso.fr\/wp-content\/uploads\/2015\/08\/IMG_9349rec.jpg\" rel=\"lightbox[1077]\"><img aria-describedby=\"caption-attachment-1689\" loading=\"lazy\" class=\"wp-image-1689\" src=\"http:\/\/www.nature-comminges.asso.fr\/wp-content\/uploads\/2015\/08\/IMG_9349rec.jpg\" alt=\"IMG_9349rec\" width=\"350\" height=\"233\" srcset=\"http:\/\/www.nature-comminges.asso.fr\/wp-content\/uploads\/2015\/08\/IMG_9349rec.jpg 999w, http:\/\/www.nature-comminges.asso.fr\/wp-content\/uploads\/2015\/08\/IMG_9349rec-300x200.jpg 300w, http:\/\/www.nature-comminges.asso.fr\/wp-content\/uploads\/2015\/08\/IMG_9349rec-624x416.jpg 624w\" sizes=\"(max-width: 350px) 100vw, 350px\" \/><\/a><p id=\"caption-attachment-1689\" class=\"wp-caption-text\">\u00a9 Joel Duvernay<\/p><\/div>\n<p align=\"justify\"><span style=\"color: #000000;\"><span style=\"font-family: Liberation Serif,serif;\"><span style=\"font-size: large;\"><span style=\"color: #000000;\"><b>Le milan royal<\/b><\/span><span style=\"color: #000000;\"> est pr\u00e9sent dans le Comminges toute l\u2019ann\u00e9e. <\/span><\/span><\/span><\/span><\/p>\n<p align=\"justify\"><span style=\"color: #000000;\"><span style=\"font-family: Liberation Serif,serif;\"><span style=\"font-size: large;\"><span style=\"color: #000000;\">L\u2019hiver, l\u2019arriv\u00e9e de populations nordiques s&#8217;ajoute aux s\u00e9dentaires. Le suivi de l\u2019esp\u00e8ce est r\u00e9alis\u00e9 par des comptages effectu\u00e9s chaque ann\u00e9e en janvier \u00e0 l\u2019\u00e9chelle europ\u00e9enne sur les dortoirs o\u00f9 les oiseaux se regroupent pour la nuit. Nature Comminges et d&#8217;autres associations naturalistes<\/span><span style=\"color: #000000;\"> y participent. 760 milans ont \u00e9t\u00e9 compt\u00e9s en 2023 sur 23 dortoirs en Haute Garonne. L&#8217;esp\u00e8ce est en situation pr\u00e9caire, principalement \u00e0 cause d&#8217;empoisonnements \u00e0 la bromadiolone utilis\u00e9e contre les campagnols. <br class=' sb-br' \/>\u00a0<\/span><\/span><\/span><\/span><\/p>\n<div id=\"attachment_1690\" style=\"width: 360px\" class=\"wp-caption alignright\"><a href=\"http:\/\/www.nature-comminges.asso.fr\/wp-content\/uploads\/2015\/08\/IMG_5444rec.jpg\" rel=\"lightbox[1077]\"><img aria-describedby=\"caption-attachment-1690\" loading=\"lazy\" class=\"wp-image-1690\" src=\"http:\/\/www.nature-comminges.asso.fr\/wp-content\/uploads\/2015\/08\/IMG_5444rec.jpg\" alt=\"IMG_5444rec\" width=\"350\" height=\"233\" srcset=\"http:\/\/www.nature-comminges.asso.fr\/wp-content\/uploads\/2015\/08\/IMG_5444rec.jpg 1000w, http:\/\/www.nature-comminges.asso.fr\/wp-content\/uploads\/2015\/08\/IMG_5444rec-300x200.jpg 300w, http:\/\/www.nature-comminges.asso.fr\/wp-content\/uploads\/2015\/08\/IMG_5444rec-624x416.jpg 624w\" sizes=\"(max-width: 350px) 100vw, 350px\" \/><\/a><p id=\"caption-attachment-1690\" class=\"wp-caption-text\">\u00a9 Joel Duvernay<\/p><\/div>\n<p align=\"justify\"><span style=\"font-size: large;\"><span style=\"font-family: Liberation Serif,serif;\"><b>\u00a0<br class=' sb-br' \/>Le gypa\u00e8te barbu<\/b><\/span><b> <\/b><span style=\"color: #000000;\"><span style=\"font-family: Liberation Serif,serif;\">est un<\/span><\/span><b> <\/b><span style=\"color: #000000;\"><span style=\"font-family: Liberation Serif,serif;\">sp\u00e9cialiste des carcasses\u00a0: il est capable de consommer directement des os que ses sucs digestifs vont dissoudre. Seuls 2 couples nichent dans des falaises du Comminges avec un succ\u00e8s de reproduction al\u00e9atoire. Le suivi de la reproduction est assur\u00e9 par des adh\u00e9rents membres du <strong><a href=\"http:\/\/Le suivi de la reproduction est assur\u00e9 par des adh\u00e9rents membres du groupe \u00ab\u00a0casseurs d'os\u00a0\u00bb.\" target=\"_blank\" rel=\"noopener noreferrer\">groupe \u00ab casseurs d&#8217;os \u00bb<\/a><\/strong>. <br class=' sb-br' \/>\u00a0 <br class=' sb-br' \/>\u00a0 <br class=' sb-br' \/>\u00a0 <br class=' sb-br' \/>\u00a0<\/span><\/span><\/span><\/p>\n<div id=\"attachment_1691\" style=\"width: 360px\" class=\"wp-caption alignright\"><a href=\"http:\/\/www.nature-comminges.asso.fr\/wp-content\/uploads\/2015\/08\/0111-aigle-botte.jpg\" rel=\"lightbox[1077]\"><img aria-describedby=\"caption-attachment-1691\" loading=\"lazy\" class=\"wp-image-1691\" src=\"http:\/\/www.nature-comminges.asso.fr\/wp-content\/uploads\/2015\/08\/0111-aigle-botte.jpg\" alt=\"0111 aigle-botte\" width=\"350\" height=\"219\" srcset=\"http:\/\/www.nature-comminges.asso.fr\/wp-content\/uploads\/2015\/08\/0111-aigle-botte.jpg 1280w, http:\/\/www.nature-comminges.asso.fr\/wp-content\/uploads\/2015\/08\/0111-aigle-botte-300x188.jpg 300w, http:\/\/www.nature-comminges.asso.fr\/wp-content\/uploads\/2015\/08\/0111-aigle-botte-1024x640.jpg 1024w, http:\/\/www.nature-comminges.asso.fr\/wp-content\/uploads\/2015\/08\/0111-aigle-botte-624x390.jpg 624w\" sizes=\"(max-width: 350px) 100vw, 350px\" \/><\/a><p id=\"caption-attachment-1691\" class=\"wp-caption-text\">\u00a9 Williams Fondevilla<\/p><\/div>\n<p align=\"justify\"><span style=\"font-family: Liberation Serif,serif;\"><span style=\"font-size: large;\"><strong>\u00a0<br class=' sb-br' \/>L&#8217;aigle bott\u00e9<\/strong> occupe les for\u00eats du pi\u00e9mont le long de la vall\u00e9e de la Garonne mais sa r\u00e9partition demande \u00e0 \u00eatre pr\u00e9cis\u00e9e par une prospection cibl\u00e9e afin de d\u00e9couvrir de nouveaux sites. L&#8217;esp\u00e8ce est migratrice et pr\u00e9sente dans le Comminges d&#8217;avril \u00e0 septembre. <br class=' sb-br' \/>\u00a0 <br class=' sb-br' \/>\u00a0 <br class=' sb-br' \/>\u00a0 <br class=' sb-br' \/>\u00a0<\/span><\/span><\/p>\n<p align=\"justify\"><span style=\"font-family: Liberation Serif,serif;\"><span style=\"font-size: large;\"><strong>Effraie des clochers, petit-duc scops, grand-duc d&#8217;Europe, moyen-duc, chev\u00eache d&#8217;Ath\u00e9na, chouette hulotte, chouette de Tengmalm<\/strong> forment la population de rapaces nocturnes de la r\u00e9gion. Une enqu\u00eate nationale, \u00e0 laquelle nous participons, initi\u00e9e par la LPO et le CNRS en 2015 \u2013 2017 \u00e0 partir d&#8217;un protocole d&#8217;\u00e9coutes nocturnes sur des carr\u00e9s de 5&#215;5 km, est en cours pour pr\u00e9ciser les effectifs et la r\u00e9partition de ces esp\u00e8ces. <br class=' sb-br' \/>\u00a0 <br class=' sb-br' \/>\u00a0<\/span><\/span><\/p>\n","protected":false},"excerpt":{"rendered":"<p>\u00a0 Notre association fait partie du programme Pyr\u00e9n\u00e9es Vivantes. Nous participons au suivi d&#8217;esp\u00e8ces de rapaces pr\u00e9sentes sur le territoire, gr\u00e2ce \u00e0 l&#8217;engagement de plusieurs de nos membres. \u00a0 Le milan royal est pr\u00e9sent dans le Comminges toute l\u2019ann\u00e9e. L\u2019hiver, l\u2019arriv\u00e9e de populations nordiques s&#8217;ajoute aux s\u00e9dentaires. Le suivi de l\u2019esp\u00e8ce est r\u00e9alis\u00e9 par des [&hellip;]<\/p>\n","protected":false},"author":2,"featured_media":0,"parent":0,"menu_order":0,"comment_status":"closed","ping_status":"closed","template":"","meta":[],"_links":{"self":[{"href":"http:\/\/www.nature-comminges.asso.fr\/index.php\/wp-json\/wp\/v2\/pages\/1077"}],"collection":[{"href":"http:\/\/www.nature-comminges.asso.fr\/index.php\/wp-json\/wp\/v2\/pages"}],"about":[{"href":"http:\/\/www.nature-comminges.asso.fr\/index.php\/wp-json\/wp\/v2\/types\/page"}],"author":[{"embeddable":true,"href":"http:\/\/www.nature-comminges.asso.fr\/index.php\/wp-json\/wp\/v2\/users\/2"}],"replies":[{"embeddable":true,"href":"http:\/\/www.nature-comminges.asso.fr\/index.php\/wp-json\/wp\/v2\/comments?post=1077"}],"version-history":[{"count":18,"href":"http:\/\/www.nature-comminges.asso.fr\/index.php\/wp-json\/wp\/v2\/pages\/1077\/revisions"}],"predecessor-version":[{"id":5038,"href":"http:\/\/www.nature-comminges.asso.fr\/index.php\/wp-json\/wp\/v2\/pages\/1077\/revisions\/5038"}],"wp:attachment":[{"href":"http:\/\/www.nature-comminges.asso.fr\/index.php\/wp-json\/wp\/v2\/media?parent=1077"}],"curies":[{"name":"wp","href":"https:\/\/api.w.org\/{rel}","templated":true}]}}

<p align="justify"><span style="color: #000000;"><span style="font-family: Liberation Serif,serif;"><span style="font-size: large;"> <br class=' sb-br' /> Notre association fait partie du <a href="http://www.pourdespyreneesvivantes.fr/pages.php?F2=5" target="_blank" rel="noopener noreferrer"><strong>programme Pyrénées Vivantes</strong></a>. Nous participons au suivi d&#8217;espèces de rapaces présentes sur le territoire, grâce à l&#8217;engagement de plusieurs de nos membres. <br class=' sb-br' /> </span></span></span></p>
<div id="attachment_1689" style="width: 360px" class="wp-caption alignright"><a href="http://www.nature-comminges.asso.fr/wp-content/uploads/2015/08/IMG_9349rec.jpg" rel="lightbox[1077]"><img aria-describedby="caption-attachment-1689" loading="lazy" class="wp-image-1689" src="http://www.nature-comminges.asso.fr/wp-content/uploads/2015/08/IMG_9349rec.jpg" alt="IMG_9349rec" width="350" height="233" srcset="http://www.nature-comminges.asso.fr/wp-content/uploads/2015/08/IMG_9349rec.jpg 999w, http://www.nature-comminges.asso.fr/wp-content/uploads/2015/08/IMG_9349rec-300x200.jpg 300w, http://www.nature-comminges.asso.fr/wp-content/uploads/2015/08/IMG_9349rec-624x416.jpg 624w" sizes="(max-width: 350px) 100vw, 350px" /></a><p id="caption-attachment-1689" class="wp-caption-text">© Joel Duvernay</p></div>
<p align="justify"><span style="color: #000000;"><span style="font-family: Liberation Serif,serif;"><span style="font-size: large;"><span style="color: #000000;"><b>Le milan royal</b></span><span style="color: #000000;"> est présent dans le Comminges toute l’année. </span></span></span></span></p>
<p align="justify"><span style="color: #000000;"><span style="font-family: Liberation Serif,serif;"><span style="font-size: large;"><span style="color: #000000;">L’hiver, l’arrivée de populations nordiques s&#8217;ajoute aux sédentaires. Le suivi de l’espèce est réalisé par des comptages effectués chaque année en janvier à l’échelle européenne sur les dortoirs où les oiseaux se regroupent pour la nuit. Nature Comminges et d&#8217;autres associations naturalistes</span><span style="color: #000000;"> y participent. 760 milans ont été comptés en 2023 sur 23 dortoirs en Haute Garonne. L&#8217;espèce est en situation précaire, principalement à cause d&#8217;empoisonnements à la bromadiolone utilisée contre les campagnols. <br class=' sb-br' /> </span></span></span></span></p>
<div id="attachment_1690" style="width: 360px" class="wp-caption alignright"><a href="http://www.nature-comminges.asso.fr/wp-content/uploads/2015/08/IMG_5444rec.jpg" rel="lightbox[1077]"><img aria-describedby="caption-attachment-1690" loading="lazy" class="wp-image-1690" src="http://www.nature-comminges.asso.fr/wp-content/uploads/2015/08/IMG_5444rec.jpg" alt="IMG_5444rec" width="350" height="233" srcset="http://www.nature-comminges.asso.fr/wp-content/uploads/2015/08/IMG_5444rec.jpg 1000w, http://www.nature-comminges.asso.fr/wp-content/uploads/2015/08/IMG_5444rec-300x200.jpg 300w, http://www.nature-comminges.asso.fr/wp-content/uploads/2015/08/IMG_5444rec-624x416.jpg 624w" sizes="(max-width: 350px) 100vw, 350px" /></a><p id="caption-attachment-1690" class="wp-caption-text">© Joel Duvernay</p></div>
<p align="justify"><span style="font-size: large;"><span style="font-family: Liberation Serif,serif;"><b> <br class=' sb-br' />Le gypaète barbu</b></span><b> </b><span style="color: #000000;"><span style="font-family: Liberation Serif,serif;">est un</span></span><b> </b><span style="color: #000000;"><span style="font-family: Liberation Serif,serif;">spécialiste des carcasses : il est capable de consommer directement des os que ses sucs digestifs vont dissoudre. Seuls 2 couples nichent dans des falaises du Comminges avec un succès de reproduction aléatoire. Le suivi de la reproduction est assuré par des adhérents membres du <strong><a href="http://Le suivi de la reproduction est assuré par des adhérents membres du groupe « casseurs d'os »." target="_blank" rel="noopener noreferrer">groupe « casseurs d&#8217;os »</a></strong>. <br class=' sb-br' />  <br class=' sb-br' />  <br class=' sb-br' />  <br class=' sb-br' /> </span></span></span></p>
<div id="attachment_1691" style="width: 360px" class="wp-caption alignright"><a href="http://www.nature-comminges.asso.fr/wp-content/uploads/2015/08/0111-aigle-botte.jpg" rel="lightbox[1077]"><img aria-describedby="caption-attachment-1691" loading="lazy" class="wp-image-1691" src="http://www.nature-comminges.asso.fr/wp-content/uploads/2015/08/0111-aigle-botte.jpg" alt="0111 aigle-botte" width="350" height="219" srcset="http://www.nature-comminges.asso.fr/wp-content/uploads/2015/08/0111-aigle-botte.jpg 1280w, http://www.nature-comminges.asso.fr/wp-content/uploads/2015/08/0111-aigle-botte-300x188.jpg 300w, http://www.nature-comminges.asso.fr/wp-content/uploads/2015/08/0111-aigle-botte-1024x640.jpg 1024w, http://www.nature-comminges.asso.fr/wp-content/uploads/2015/08/0111-aigle-botte-624x390.jpg 624w" sizes="(max-width: 350px) 100vw, 350px" /></a><p id="caption-attachment-1691" class="wp-caption-text">© Williams Fondevilla</p></div>
<p align="justify"><span style="font-family: Liberation Serif,serif;"><span style="font-size: large;"><strong> <br class=' sb-br' />L&#8217;aigle botté</strong> occupe les forêts du piémont le long de la vallée de la Garonne mais sa répartition demande à être précisée par une prospection ciblée afin de découvrir de nouveaux sites. L&#8217;espèce est migratrice et présente dans le Comminges d&#8217;avril à septembre. <br class=' sb-br' />  <br class=' sb-br' />  <br class=' sb-br' />  <br class=' sb-br' /> </span></span></p>
<p align="justify"><span style="font-family: Liberation Serif,serif;"><span style="font-size: large;"><strong>Effraie des clochers, petit-duc scops, grand-duc d&#8217;Europe, moyen-duc, chevêche d&#8217;Athéna, chouette hulotte, chouette de Tengmalm</strong> forment la population de rapaces nocturnes de la région. Une enquête nationale, à laquelle nous participons, initiée par la LPO et le CNRS en 2015 – 2017 à partir d&#8217;un protocole d&#8217;écoutes nocturnes sur des carrés de 5&#215;5 km, est en cours pour préciser les effectifs et la répartition de ces espèces. <br class=' sb-br' />  <br class=' sb-br' /> </span></span></p>

<p>  Notre association fait partie du programme Pyrénées Vivantes. Nous participons au suivi d&#8217;espèces de rapaces présentes sur le territoire, grâce à l&#8217;engagement de plusieurs de nos membres.   Le milan royal est présent dans le Comminges toute l’année. L’hiver, l’arrivée de populations nordiques s&#8217;ajoute aux sédentaires. Le suivi de l’espèce est réalisé par des [&hellip;]</p>
